{"id":218,"date":"2022-02-02T01:10:37","date_gmt":"2022-02-02T04:10:37","guid":{"rendered":"http:\/\/lorando.com.br\/festaseeventos\/?post_type=album&#038;p=218"},"modified":"2022-05-27T00:32:29","modified_gmt":"2022-05-27T03:32:29","slug":"giovanna-xv","status":"publish","type":"album","link":"https:\/\/lorando.com.br\/festaseeventos\/album\/giovanna-xv\/","title":{"rendered":"Giovanna XV"},"content":{"rendered":"","protected":true},"featured_media":220,"comment_status":"open","ping_status":"closed","template":"","genre":[8],"class_list":{"0":"post-218","1":"album","2":"type-album","3":"status-publish","4":"post-password-required","6":"genre-debutante"},"yoast_head":"<!-- This site is optimized with the Yoast SEO plugin v25.3 - https:\/\/yoast.com\/wordpress\/plugins\/seo\/ -->\n<title>Giovanna XV - Festas e Eventos - Fot\u00f3grafo Lorando Labbe<\/title>\n<meta name=\"robots\" content=\"index, follow, max-snippet:-1, max-image-preview:large, max-video-preview:-1\" \/>\n<link rel=\"canonical\" href=\"https:\/\/lorando.com.br\/festaseeventos\/album\/giovanna-xv\/\" \/>\n<meta property=\"og:locale\" content=\"pt_BR\" \/>\n<meta property=\"og:type\" content=\"article\" \/>\n<meta property=\"og:title\" content=\"Giovanna XV - Festas e Eventos - Fot\u00f3grafo Lorando Labbe\" \/>\n<meta property=\"og:description\" content=\"N\u00e3o h\u00e1 resumo por ser um post protegido.\" \/>\n<meta property=\"og:url\" content=\"https:\/\/lorando.com.br\/festaseeventos\/album\/giovanna-xv\/\" \/>\n<meta property=\"og:site_name\" content=\"Festas e Eventos - Fot\u00f3grafo Lorando Labbe\" \/>\n<meta property=\"article:modified_time\" content=\"2022-05-27T03:32:29+00:00\" \/>\n<meta name=\"twitter:card\" content=\"summary_large_image\" \/>\n<meta name=\"twitter:label1\" content=\"Est. tempo de leitura\" \/>\n\t<meta name=\"twitter:data1\" content=\"2 minutos\" \/>\n<script type=\"application\/ld+json\" class=\"yoast-schema-graph\">{\"@context\":\"https:\/\/schema.org\",\"@graph\":[{\"@type\":\"WebPage\",\"@id\":\"https:\/\/lorando.com.br\/festaseeventos\/album\/giovanna-xv\/\",\"url\":\"https:\/\/lorando.com.br\/festaseeventos\/album\/giovanna-xv\/\",\"name\":\"Giovanna XV - Festas e Eventos - Fot\u00f3grafo Lorando Labbe\",\"isPartOf\":{\"@id\":\"https:\/\/lorando.com.br\/festaseeventos\/#website\"},\"datePublished\":\"2022-02-02T04:10:37+00:00\",\"dateModified\":\"2022-05-27T03:32:29+00:00\",\"breadcrumb\":{\"@id\":\"https:\/\/lorando.com.br\/festaseeventos\/album\/giovanna-xv\/#breadcrumb\"},\"inLanguage\":\"pt-BR\"},{\"@type\":\"WebSite\",\"@id\":\"https:\/\/lorando.com.br\/festaseeventos\/#website\",\"url\":\"https:\/\/lorando.com.br\/festaseeventos\/\",\"name\":\"Festas e Eventos - Fot\u00f3grafo Lorando Labbe\",\"description\":\"Fotografia de festas e eventos do fot\u00f3grafo carioca Lorando Labbe\",\"publisher\":{\"@id\":\"https:\/\/lorando.com.br\/festaseeventos\/#organization\"},\"potentialAction\":[{\"@type\":\"SearchAction\",\"target\":{\"@type\":\"EntryPoint\",\"urlTemplate\":\"https:\/\/lorando.com.br\/festaseeventos\/?s={search_term_string}\"},\"query-input\":{\"@type\":\"PropertyValueSpecification\",\"valueRequired\":true,\"valueName\":\"search_term_string\"}}],\"inLanguage\":\"pt-BR\"},{\"@type\":\"Organization\",\"@id\":\"https:\/\/lorando.com.br\/festaseeventos\/#organization\",\"name\":\"Festas e Eventos - Fot\u00f3grafo Lorando Labbe\",\"url\":\"https:\/\/lorando.com.br\/festaseeventos\/\",\"logo\":{\"@type\":\"ImageObject\",\"inLanguage\":\"pt-BR\",\"@id\":\"https:\/\/lorando.com.br\/festaseeventos\/#\/schema\/logo\/image\/\",\"url\":\"https:\/\/lorando.com.br\/festaseeventos\/wp-content\/uploads\/sites\/5\/2020\/08\/cropped-Logo-Site-Retangular-01.png\",\"contentUrl\":\"https:\/\/lorando.com.br\/festaseeventos\/wp-content\/uploads\/sites\/5\/2020\/08\/cropped-Logo-Site-Retangular-01.png\",\"width\":1140,\"height\":423,\"caption\":\"Festas e Eventos - Fot\u00f3grafo Lorando Labbe\"},\"image\":{\"@id\":\"https:\/\/lorando.com.br\/festaseeventos\/#\/schema\/logo\/image\/\"}}]}<\/script>\n<!-- \/ Yoast SEO plugin. -->","yoast_head_json":{"title":"Giovanna XV - Festas e Eventos - Fot\u00f3grafo Lorando Labbe","robots":{"index":"index","follow":"follow","max-snippet":"max-snippet:-1","max-image-preview":"max-image-preview:large","max-video-preview":"max-video-preview:-1"},"canonical":"https:\/\/lorando.com.br\/festaseeventos\/album\/giovanna-xv\/","og_locale":"pt_BR","og_type":"article","og_title":"Giovanna XV - Festas e Eventos - Fot\u00f3grafo Lorando Labbe","og_description":"N\u00e3o h\u00e1 resumo por ser um post protegido.","og_url":"https:\/\/lorando.com.br\/festaseeventos\/album\/giovanna-xv\/","og_site_name":"Festas e Eventos - Fot\u00f3grafo Lorando Labbe","article_modified_time":"2022-05-27T03:32:29+00:00","twitter_card":"summary_large_image","twitter_misc":{"Est. tempo de leitura":"2 minutos"},"schema":{"@context":"https:\/\/schema.org","@graph":[{"@type":"WebPage","@id":"https:\/\/lorando.com.br\/festaseeventos\/album\/giovanna-xv\/","url":"https:\/\/lorando.com.br\/festaseeventos\/album\/giovanna-xv\/","name":"Giovanna XV - Festas e Eventos - Fot\u00f3grafo Lorando Labbe","isPartOf":{"@id":"https:\/\/lorando.com.br\/festaseeventos\/#website"},"datePublished":"2022-02-02T04:10:37+00:00","dateModified":"2022-05-27T03:32:29+00:00","breadcrumb":{"@id":"https:\/\/lorando.com.br\/festaseeventos\/album\/giovanna-xv\/#breadcrumb"},"inLanguage":"pt-BR"},{"@type":"WebSite","@id":"https:\/\/lorando.com.br\/festaseeventos\/#website","url":"https:\/\/lorando.com.br\/festaseeventos\/","name":"Festas e Eventos - Fot\u00f3grafo Lorando Labbe","description":"Fotografia de festas e eventos do fot\u00f3grafo carioca Lorando Labbe","publisher":{"@id":"https:\/\/lorando.com.br\/festaseeventos\/#organization"},"potentialAction":[{"@type":"SearchAction","target":{"@type":"EntryPoint","urlTemplate":"https:\/\/lorando.com.br\/festaseeventos\/?s={search_term_string}"},"query-input":{"@type":"PropertyValueSpecification","valueRequired":true,"valueName":"search_term_string"}}],"inLanguage":"pt-BR"},{"@type":"Organization","@id":"https:\/\/lorando.com.br\/festaseeventos\/#organization","name":"Festas e Eventos - Fot\u00f3grafo Lorando Labbe","url":"https:\/\/lorando.com.br\/festaseeventos\/","logo":{"@type":"ImageObject","inLanguage":"pt-BR","@id":"https:\/\/lorando.com.br\/festaseeventos\/#\/schema\/logo\/image\/","url":"https:\/\/lorando.com.br\/festaseeventos\/wp-content\/uploads\/sites\/5\/2020\/08\/cropped-Logo-Site-Retangular-01.png","contentUrl":"https:\/\/lorando.com.br\/festaseeventos\/wp-content\/uploads\/sites\/5\/2020\/08\/cropped-Logo-Site-Retangular-01.png","width":1140,"height":423,"caption":"Festas e Eventos - Fot\u00f3grafo Lorando Labbe"},"image":{"@id":"https:\/\/lorando.com.br\/festaseeventos\/#\/schema\/logo\/image\/"}}]}},"_links":{"self":[{"href":"https:\/\/lorando.com.br\/festaseeventos\/wp-json\/wp\/v2\/album\/218","targetHints":{"allow":["GET"]}}],"collection":[{"href":"https:\/\/lorando.com.br\/festaseeventos\/wp-json\/wp\/v2\/album"}],"about":[{"href":"https:\/\/lorando.com.br\/festaseeventos\/wp-json\/wp\/v2\/types\/album"}],"replies":[{"embeddable":true,"href":"https:\/\/lorando.com.br\/festaseeventos\/wp-json\/wp\/v2\/comments?post=218"}],"wp:featuredmedia":[{"embeddable":true,"href":"https:\/\/lorando.com.br\/festaseeventos\/wp-json\/wp\/v2\/media\/220"}],"wp:attachment":[{"href":"https:\/\/lorando.com.br\/festaseeventos\/wp-json\/wp\/v2\/media?parent=218"}],"wp:term":[{"taxonomy":"genre","embeddable":true,"href":"https:\/\/lorando.com.br\/festaseeventos\/wp-json\/wp\/v2\/genre?post=218"}],"curies":[{"name":"wp","href":"https:\/\/api.w.org\/{rel}","templated":true}]}}

<!-- This site is optimized with the Yoast SEO plugin v25.3 - https://yoast.com/wordpress/plugins/seo/ -->
<title>Giovanna XV - Festas e Eventos - Fotógrafo Lorando Labbe</title>
<meta name="robots" content="index, follow, max-snippet:-1, max-image-preview:large, max-video-preview:-1" />
<link rel="canonical" href="https://lorando.com.br/festaseeventos/album/giovanna-xv/" />
<meta property="og:locale" content="pt_BR" />
<meta property="og:type" content="article" />
<meta property="og:title" content="Giovanna XV - Festas e Eventos - Fotógrafo Lorando Labbe" />
<meta property="og:description" content="Não há resumo por ser um post protegido." />
<meta property="og:url" content="https://lorando.com.br/festaseeventos/album/giovanna-xv/" />
<meta property="og:site_name" content="Festas e Eventos - Fotógrafo Lorando Labbe" />
<meta property="article:modified_time" content="2022-05-27T03:32:29+00:00" />
<meta name="twitter:card" content="summary_large_image" />
<meta name="twitter:label1" content="Est. tempo de leitura" />
	<meta name="twitter:data1" content="2 minutos" />
<script type="application/ld+json" class="yoast-schema-graph">{"@context":"https://schema.org","@graph":[{"@type":"WebPage","@id":"https://lorando.com.br/festaseeventos/album/giovanna-xv/","url":"https://lorando.com.br/festaseeventos/album/giovanna-xv/","name":"Giovanna XV - Festas e Eventos - Fotógrafo Lorando Labbe","isPartOf":{"@id":"https://lorando.com.br/festaseeventos/#website"},"datePublished":"2022-02-02T04:10:37+00:00","dateModified":"2022-05-27T03:32:29+00:00","breadcrumb":{"@id":"https://lorando.com.br/festaseeventos/album/giovanna-xv/#breadcrumb"},"inLanguage":"pt-BR"},{"@type":"WebSite","@id":"https://lorando.com.br/festaseeventos/#website","url":"https://lorando.com.br/festaseeventos/","name":"Festas e Eventos - Fotógrafo Lorando Labbe","description":"Fotografia de festas e eventos do fotógrafo carioca Lorando Labbe","publisher":{"@id":"https://lorando.com.br/festaseeventos/#organization"},"potentialAction":[{"@type":"SearchAction","target":{"@type":"EntryPoint","urlTemplate":"https://lorando.com.br/festaseeventos/?s={search_term_string}"},"query-input":{"@type":"PropertyValueSpecification","valueRequired":true,"valueName":"search_term_string"}}],"inLanguage":"pt-BR"},{"@type":"Organization","@id":"https://lorando.com.br/festaseeventos/#organization","name":"Festas e Eventos - Fotógrafo Lorando Labbe","url":"https://lorando.com.br/festaseeventos/","logo":{"@type":"ImageObject","inLanguage":"pt-BR","@id":"https://lorando.com.br/festaseeventos/#/schema/logo/image/","url":"https://lorando.com.br/festaseeventos/wp-content/uploads/sites/5/2020/08/cropped-Logo-Site-Retangular-01.png","contentUrl":"https://lorando.com.br/festaseeventos/wp-content/uploads/sites/5/2020/08/cropped-Logo-Site-Retangular-01.png","width":1140,"height":423,"caption":"Festas e Eventos - Fotógrafo Lorando Labbe"},"image":{"@id":"https://lorando.com.br/festaseeventos/#/schema/logo/image/"}}]}</script>
<!-- / Yoast SEO plugin. -->

Giovanna XV - Festas e Eventos - Fotógrafo Lorando Labbe

Não há resumo por ser um post protegido.

Festas e Eventos - Fotógrafo Lorando Labbe

Fotografia de festas e eventos do fotógrafo carioca Lorando Labbe
