{"id":104,"date":"2019-12-24T17:18:11","date_gmt":"2019-12-24T20:18:11","guid":{"rendered":"http:\/\/lorando.com.br\/festaseeventos\/?post_type=work&#038;p=104"},"modified":"2019-12-25T17:34:38","modified_gmt":"2019-12-25T20:34:38","slug":"ensaio-de-debutante-melissa-nascimento","status":"publish","type":"work","link":"https:\/\/lorando.com.br\/festaseeventos\/foto\/ensaio-de-debutante-melissa-nascimento\/","title":{"rendered":"Ensaio de Debutante &#8211; Melissa Nascimento"},"content":{"rendered":"","protected":false},"excerpt":{"rendered":"","protected":false},"featured_media":130,"comment_status":"open","ping_status":"closed","template":"","work_genre":[3],"class_list":{"0":"post-104","1":"work","2":"type-work","3":"status-publish","4":"has-post-thumbnail","6":"work_genre-debutante"},"yoast_head":"<!-- This site is optimized with the Yoast SEO plugin v25.3 - https:\/\/yoast.com\/wordpress\/plugins\/seo\/ -->\n<title>Ensaio de Debutante - Melissa Nascimento - Festas e Eventos - Fot\u00f3grafo Lorando Labbe<\/title>\n<meta name=\"description\" content=\"Ensaio fotogr\u00e1fico com a debutante Melissa Nascimento realizado pelo fot\u00f3grafo carioca Lorando Labbe no Centro do Rio.\" \/>\n<meta name=\"robots\" content=\"index, follow, max-snippet:-1, max-image-preview:large, max-video-preview:-1\" \/>\n<link rel=\"canonical\" href=\"https:\/\/lorando.com.br\/festaseeventos\/foto\/ensaio-de-debutante-melissa-nascimento\/\" \/>\n<meta property=\"og:locale\" content=\"pt_BR\" \/>\n<meta property=\"og:type\" content=\"article\" \/>\n<meta property=\"og:title\" content=\"Ensaio de Debutante - Melissa Nascimento - Festas e Eventos - Fot\u00f3grafo Lorando Labbe\" \/>\n<meta property=\"og:description\" content=\"Ensaio fotogr\u00e1fico com a debutante Melissa Nascimento realizado pelo fot\u00f3grafo carioca Lorando Labbe no Centro do Rio.\" \/>\n<meta property=\"og:url\" content=\"https:\/\/lorando.com.br\/festaseeventos\/foto\/ensaio-de-debutante-melissa-nascimento\/\" \/>\n<meta property=\"og:site_name\" content=\"Festas e Eventos - Fot\u00f3grafo Lorando Labbe\" \/>\n<meta property=\"article:modified_time\" content=\"2019-12-25T20:34:38+00:00\" \/>\n<meta property=\"og:image\" content=\"https:\/\/lorando.com.br\/festaseeventos\/wp-content\/uploads\/sites\/5\/2019\/12\/Debutante-Melissa-Vol1-98-edit.jpg\" \/>\n\t<meta property=\"og:image:width\" content=\"1200\" \/>\n\t<meta property=\"og:image:height\" content=\"800\" \/>\n\t<meta property=\"og:image:type\" content=\"image\/jpeg\" \/>\n<meta name=\"twitter:card\" content=\"summary_large_image\" \/>\n<script type=\"application\/ld+json\" class=\"yoast-schema-graph\">{\"@context\":\"https:\/\/schema.org\",\"@graph\":[{\"@type\":\"WebPage\",\"@id\":\"https:\/\/lorando.com.br\/festaseeventos\/foto\/ensaio-de-debutante-melissa-nascimento\/\",\"url\":\"https:\/\/lorando.com.br\/festaseeventos\/foto\/ensaio-de-debutante-melissa-nascimento\/\",\"name\":\"Ensaio de Debutante - Melissa Nascimento - Festas e Eventos - Fot\u00f3grafo Lorando Labbe\",\"isPartOf\":{\"@id\":\"https:\/\/lorando.com.br\/festaseeventos\/#website\"},\"primaryImageOfPage\":{\"@id\":\"https:\/\/lorando.com.br\/festaseeventos\/foto\/ensaio-de-debutante-melissa-nascimento\/#primaryimage\"},\"image\":{\"@id\":\"https:\/\/lorando.com.br\/festaseeventos\/foto\/ensaio-de-debutante-melissa-nascimento\/#primaryimage\"},\"thumbnailUrl\":\"https:\/\/lorando.com.br\/festaseeventos\/wp-content\/uploads\/sites\/5\/2019\/12\/Debutante-Melissa-Vol1-98-edit.jpg\",\"datePublished\":\"2019-12-24T20:18:11+00:00\",\"dateModified\":\"2019-12-25T20:34:38+00:00\",\"description\":\"Ensaio fotogr\u00e1fico com a debutante Melissa Nascimento realizado pelo fot\u00f3grafo carioca Lorando Labbe no Centro do Rio.\",\"breadcrumb\":{\"@id\":\"https:\/\/lorando.com.br\/festaseeventos\/foto\/ensaio-de-debutante-melissa-nascimento\/#breadcrumb\"},\"inLanguage\":\"pt-BR\",\"potentialAction\":[{\"@type\":\"ReadAction\",\"target\":[\"https:\/\/lorando.com.br\/festaseeventos\/foto\/ensaio-de-debutante-melissa-nascimento\/\"]}]},{\"@type\":\"ImageObject\",\"inLanguage\":\"pt-BR\",\"@id\":\"https:\/\/lorando.com.br\/festaseeventos\/foto\/ensaio-de-debutante-melissa-nascimento\/#primaryimage\",\"url\":\"https:\/\/lorando.com.br\/festaseeventos\/wp-content\/uploads\/sites\/5\/2019\/12\/Debutante-Melissa-Vol1-98-edit.jpg\",\"contentUrl\":\"https:\/\/lorando.com.br\/festaseeventos\/wp-content\/uploads\/sites\/5\/2019\/12\/Debutante-Melissa-Vol1-98-edit.jpg\",\"width\":1200,\"height\":800},{\"@type\":\"BreadcrumbList\",\"@id\":\"https:\/\/lorando.com.br\/festaseeventos\/foto\/ensaio-de-debutante-melissa-nascimento\/#breadcrumb\",\"itemListElement\":[{\"@type\":\"ListItem\",\"position\":1,\"name\":\"In\u00edcio\",\"item\":\"https:\/\/lorando.com.br\/festaseeventos\/\"},{\"@type\":\"ListItem\",\"position\":2,\"name\":\"Ensaio de Debutante &#8211; Melissa Nascimento\"}]},{\"@type\":\"WebSite\",\"@id\":\"https:\/\/lorando.com.br\/festaseeventos\/#website\",\"url\":\"https:\/\/lorando.com.br\/festaseeventos\/\",\"name\":\"Festas e Eventos - Fot\u00f3grafo Lorando Labbe\",\"description\":\"Fotografia de festas e eventos do fot\u00f3grafo carioca Lorando Labbe\",\"publisher\":{\"@id\":\"https:\/\/lorando.com.br\/festaseeventos\/#organization\"},\"potentialAction\":[{\"@type\":\"SearchAction\",\"target\":{\"@type\":\"EntryPoint\",\"urlTemplate\":\"https:\/\/lorando.com.br\/festaseeventos\/?s={search_term_string}\"},\"query-input\":{\"@type\":\"PropertyValueSpecification\",\"valueRequired\":true,\"valueName\":\"search_term_string\"}}],\"inLanguage\":\"pt-BR\"},{\"@type\":\"Organization\",\"@id\":\"https:\/\/lorando.com.br\/festaseeventos\/#organization\",\"name\":\"Festas e Eventos - Fot\u00f3grafo Lorando Labbe\",\"url\":\"https:\/\/lorando.com.br\/festaseeventos\/\",\"logo\":{\"@type\":\"ImageObject\",\"inLanguage\":\"pt-BR\",\"@id\":\"https:\/\/lorando.com.br\/festaseeventos\/#\/schema\/logo\/image\/\",\"url\":\"https:\/\/lorando.com.br\/festaseeventos\/wp-content\/uploads\/sites\/5\/2020\/08\/cropped-Logo-Site-Retangular-01.png\",\"contentUrl\":\"https:\/\/lorando.com.br\/festaseeventos\/wp-content\/uploads\/sites\/5\/2020\/08\/cropped-Logo-Site-Retangular-01.png\",\"width\":1140,\"height\":423,\"caption\":\"Festas e Eventos - Fot\u00f3grafo Lorando Labbe\"},\"image\":{\"@id\":\"https:\/\/lorando.com.br\/festaseeventos\/#\/schema\/logo\/image\/\"}}]}<\/script>\n<!-- \/ Yoast SEO plugin. -->","yoast_head_json":{"title":"Ensaio de Debutante - Melissa Nascimento - Festas e Eventos - Fot\u00f3grafo Lorando Labbe","description":"Ensaio fotogr\u00e1fico com a debutante Melissa Nascimento realizado pelo fot\u00f3grafo carioca Lorando Labbe no Centro do Rio.","robots":{"index":"index","follow":"follow","max-snippet":"max-snippet:-1","max-image-preview":"max-image-preview:large","max-video-preview":"max-video-preview:-1"},"canonical":"https:\/\/lorando.com.br\/festaseeventos\/foto\/ensaio-de-debutante-melissa-nascimento\/","og_locale":"pt_BR","og_type":"article","og_title":"Ensaio de Debutante - Melissa Nascimento - Festas e Eventos - Fot\u00f3grafo Lorando Labbe","og_description":"Ensaio fotogr\u00e1fico com a debutante Melissa Nascimento realizado pelo fot\u00f3grafo carioca Lorando Labbe no Centro do Rio.","og_url":"https:\/\/lorando.com.br\/festaseeventos\/foto\/ensaio-de-debutante-melissa-nascimento\/","og_site_name":"Festas e Eventos - Fot\u00f3grafo Lorando Labbe","article_modified_time":"2019-12-25T20:34:38+00:00","og_image":[{"width":1200,"height":800,"url":"https:\/\/lorando.com.br\/festaseeventos\/wp-content\/uploads\/sites\/5\/2019\/12\/Debutante-Melissa-Vol1-98-edit.jpg","type":"image\/jpeg"}],"twitter_card":"summary_large_image","schema":{"@context":"https:\/\/schema.org","@graph":[{"@type":"WebPage","@id":"https:\/\/lorando.com.br\/festaseeventos\/foto\/ensaio-de-debutante-melissa-nascimento\/","url":"https:\/\/lorando.com.br\/festaseeventos\/foto\/ensaio-de-debutante-melissa-nascimento\/","name":"Ensaio de Debutante - Melissa Nascimento - Festas e Eventos - Fot\u00f3grafo Lorando Labbe","isPartOf":{"@id":"https:\/\/lorando.com.br\/festaseeventos\/#website"},"primaryImageOfPage":{"@id":"https:\/\/lorando.com.br\/festaseeventos\/foto\/ensaio-de-debutante-melissa-nascimento\/#primaryimage"},"image":{"@id":"https:\/\/lorando.com.br\/festaseeventos\/foto\/ensaio-de-debutante-melissa-nascimento\/#primaryimage"},"thumbnailUrl":"https:\/\/lorando.com.br\/festaseeventos\/wp-content\/uploads\/sites\/5\/2019\/12\/Debutante-Melissa-Vol1-98-edit.jpg","datePublished":"2019-12-24T20:18:11+00:00","dateModified":"2019-12-25T20:34:38+00:00","description":"Ensaio fotogr\u00e1fico com a debutante Melissa Nascimento realizado pelo fot\u00f3grafo carioca Lorando Labbe no Centro do Rio.","breadcrumb":{"@id":"https:\/\/lorando.com.br\/festaseeventos\/foto\/ensaio-de-debutante-melissa-nascimento\/#breadcrumb"},"inLanguage":"pt-BR","potentialAction":[{"@type":"ReadAction","target":["https:\/\/lorando.com.br\/festaseeventos\/foto\/ensaio-de-debutante-melissa-nascimento\/"]}]},{"@type":"ImageObject","inLanguage":"pt-BR","@id":"https:\/\/lorando.com.br\/festaseeventos\/foto\/ensaio-de-debutante-melissa-nascimento\/#primaryimage","url":"https:\/\/lorando.com.br\/festaseeventos\/wp-content\/uploads\/sites\/5\/2019\/12\/Debutante-Melissa-Vol1-98-edit.jpg","contentUrl":"https:\/\/lorando.com.br\/festaseeventos\/wp-content\/uploads\/sites\/5\/2019\/12\/Debutante-Melissa-Vol1-98-edit.jpg","width":1200,"height":800},{"@type":"BreadcrumbList","@id":"https:\/\/lorando.com.br\/festaseeventos\/foto\/ensaio-de-debutante-melissa-nascimento\/#breadcrumb","itemListElement":[{"@type":"ListItem","position":1,"name":"In\u00edcio","item":"https:\/\/lorando.com.br\/festaseeventos\/"},{"@type":"ListItem","position":2,"name":"Ensaio de Debutante &#8211; Melissa Nascimento"}]},{"@type":"WebSite","@id":"https:\/\/lorando.com.br\/festaseeventos\/#website","url":"https:\/\/lorando.com.br\/festaseeventos\/","name":"Festas e Eventos - Fot\u00f3grafo Lorando Labbe","description":"Fotografia de festas e eventos do fot\u00f3grafo carioca Lorando Labbe","publisher":{"@id":"https:\/\/lorando.com.br\/festaseeventos\/#organization"},"potentialAction":[{"@type":"SearchAction","target":{"@type":"EntryPoint","urlTemplate":"https:\/\/lorando.com.br\/festaseeventos\/?s={search_term_string}"},"query-input":{"@type":"PropertyValueSpecification","valueRequired":true,"valueName":"search_term_string"}}],"inLanguage":"pt-BR"},{"@type":"Organization","@id":"https:\/\/lorando.com.br\/festaseeventos\/#organization","name":"Festas e Eventos - Fot\u00f3grafo Lorando Labbe","url":"https:\/\/lorando.com.br\/festaseeventos\/","logo":{"@type":"ImageObject","inLanguage":"pt-BR","@id":"https:\/\/lorando.com.br\/festaseeventos\/#\/schema\/logo\/image\/","url":"https:\/\/lorando.com.br\/festaseeventos\/wp-content\/uploads\/sites\/5\/2020\/08\/cropped-Logo-Site-Retangular-01.png","contentUrl":"https:\/\/lorando.com.br\/festaseeventos\/wp-content\/uploads\/sites\/5\/2020\/08\/cropped-Logo-Site-Retangular-01.png","width":1140,"height":423,"caption":"Festas e Eventos - Fot\u00f3grafo Lorando Labbe"},"image":{"@id":"https:\/\/lorando.com.br\/festaseeventos\/#\/schema\/logo\/image\/"}}]}},"_links":{"self":[{"href":"https:\/\/lorando.com.br\/festaseeventos\/wp-json\/wp\/v2\/work\/104","targetHints":{"allow":["GET"]}}],"collection":[{"href":"https:\/\/lorando.com.br\/festaseeventos\/wp-json\/wp\/v2\/work"}],"about":[{"href":"https:\/\/lorando.com.br\/festaseeventos\/wp-json\/wp\/v2\/types\/work"}],"replies":[{"embeddable":true,"href":"https:\/\/lorando.com.br\/festaseeventos\/wp-json\/wp\/v2\/comments?post=104"}],"wp:featuredmedia":[{"embeddable":true,"href":"https:\/\/lorando.com.br\/festaseeventos\/wp-json\/wp\/v2\/media\/130"}],"wp:attachment":[{"href":"https:\/\/lorando.com.br\/festaseeventos\/wp-json\/wp\/v2\/media?parent=104"}],"wp:term":[{"taxonomy":"work_genre","embeddable":true,"href":"https:\/\/lorando.com.br\/festaseeventos\/wp-json\/wp\/v2\/work_genre?post=104"}],"curies":[{"name":"wp","href":"https:\/\/api.w.org\/{rel}","templated":true}]}}

<!-- This site is optimized with the Yoast SEO plugin v25.3 - https://yoast.com/wordpress/plugins/seo/ -->
<title>Ensaio de Debutante - Melissa Nascimento - Festas e Eventos - Fotógrafo Lorando Labbe</title>
<meta name="description" content="Ensaio fotográfico com a debutante Melissa Nascimento realizado pelo fotógrafo carioca Lorando Labbe no Centro do Rio." />
<meta name="robots" content="index, follow, max-snippet:-1, max-image-preview:large, max-video-preview:-1" />
<link rel="canonical" href="https://lorando.com.br/festaseeventos/foto/ensaio-de-debutante-melissa-nascimento/" />
<meta property="og:locale" content="pt_BR" />
<meta property="og:type" content="article" />
<meta property="og:title" content="Ensaio de Debutante - Melissa Nascimento - Festas e Eventos - Fotógrafo Lorando Labbe" />
<meta property="og:description" content="Ensaio fotográfico com a debutante Melissa Nascimento realizado pelo fotógrafo carioca Lorando Labbe no Centro do Rio." />
<meta property="og:url" content="https://lorando.com.br/festaseeventos/foto/ensaio-de-debutante-melissa-nascimento/" />
<meta property="og:site_name" content="Festas e Eventos - Fotógrafo Lorando Labbe" />
<meta property="article:modified_time" content="2019-12-25T20:34:38+00:00" />
<meta property="og:image" content="https://lorando.com.br/festaseeventos/wp-content/uploads/sites/5/2019/12/Debutante-Melissa-Vol1-98-edit.jpg" />
	<meta property="og:image:width" content="1200" />
	<meta property="og:image:height" content="800" />
	<meta property="og:image:type" content="image/jpeg" />
<meta name="twitter:card" content="summary_large_image" />
<script type="application/ld+json" class="yoast-schema-graph">{"@context":"https://schema.org","@graph":[{"@type":"WebPage","@id":"https://lorando.com.br/festaseeventos/foto/ensaio-de-debutante-melissa-nascimento/","url":"https://lorando.com.br/festaseeventos/foto/ensaio-de-debutante-melissa-nascimento/","name":"Ensaio de Debutante - Melissa Nascimento - Festas e Eventos - Fotógrafo Lorando Labbe","isPartOf":{"@id":"https://lorando.com.br/festaseeventos/#website"},"primaryImageOfPage":{"@id":"https://lorando.com.br/festaseeventos/foto/ensaio-de-debutante-melissa-nascimento/#primaryimage"},"image":{"@id":"https://lorando.com.br/festaseeventos/foto/ensaio-de-debutante-melissa-nascimento/#primaryimage"},"thumbnailUrl":"https://lorando.com.br/festaseeventos/wp-content/uploads/sites/5/2019/12/Debutante-Melissa-Vol1-98-edit.jpg","datePublished":"2019-12-24T20:18:11+00:00","dateModified":"2019-12-25T20:34:38+00:00","description":"Ensaio fotográfico com a debutante Melissa Nascimento realizado pelo fotógrafo carioca Lorando Labbe no Centro do Rio.","breadcrumb":{"@id":"https://lorando.com.br/festaseeventos/foto/ensaio-de-debutante-melissa-nascimento/#breadcrumb"},"inLanguage":"pt-BR","potentialAction":[{"@type":"ReadAction","target":["https://lorando.com.br/festaseeventos/foto/ensaio-de-debutante-melissa-nascimento/"]}]},{"@type":"ImageObject","inLanguage":"pt-BR","@id":"https://lorando.com.br/festaseeventos/foto/ensaio-de-debutante-melissa-nascimento/#primaryimage","url":"https://lorando.com.br/festaseeventos/wp-content/uploads/sites/5/2019/12/Debutante-Melissa-Vol1-98-edit.jpg","contentUrl":"https://lorando.com.br/festaseeventos/wp-content/uploads/sites/5/2019/12/Debutante-Melissa-Vol1-98-edit.jpg","width":1200,"height":800},{"@type":"BreadcrumbList","@id":"https://lorando.com.br/festaseeventos/foto/ensaio-de-debutante-melissa-nascimento/#breadcrumb","itemListElement":[{"@type":"ListItem","position":1,"name":"Início","item":"https://lorando.com.br/festaseeventos/"},{"@type":"ListItem","position":2,"name":"Ensaio de Debutante &#8211; Melissa Nascimento"}]},{"@type":"WebSite","@id":"https://lorando.com.br/festaseeventos/#website","url":"https://lorando.com.br/festaseeventos/","name":"Festas e Eventos - Fotógrafo Lorando Labbe","description":"Fotografia de festas e eventos do fotógrafo carioca Lorando Labbe","publisher":{"@id":"https://lorando.com.br/festaseeventos/#organization"},"potentialAction":[{"@type":"SearchAction","target":{"@type":"EntryPoint","urlTemplate":"https://lorando.com.br/festaseeventos/?s={search_term_string}"},"query-input":{"@type":"PropertyValueSpecification","valueRequired":true,"valueName":"search_term_string"}}],"inLanguage":"pt-BR"},{"@type":"Organization","@id":"https://lorando.com.br/festaseeventos/#organization","name":"Festas e Eventos - Fotógrafo Lorando Labbe","url":"https://lorando.com.br/festaseeventos/","logo":{"@type":"ImageObject","inLanguage":"pt-BR","@id":"https://lorando.com.br/festaseeventos/#/schema/logo/image/","url":"https://lorando.com.br/festaseeventos/wp-content/uploads/sites/5/2020/08/cropped-Logo-Site-Retangular-01.png","contentUrl":"https://lorando.com.br/festaseeventos/wp-content/uploads/sites/5/2020/08/cropped-Logo-Site-Retangular-01.png","width":1140,"height":423,"caption":"Festas e Eventos - Fotógrafo Lorando Labbe"},"image":{"@id":"https://lorando.com.br/festaseeventos/#/schema/logo/image/"}}]}</script>
<!-- / Yoast SEO plugin. -->

Ensaio de Debutante - Melissa Nascimento - Festas e Eventos - Fotógrafo Lorando Labbe

Ensaio fotográfico com a debutante Melissa Nascimento realizado pelo fotógrafo carioca Lorando Labbe no Centro do Rio.

Festas e Eventos - Fotógrafo Lorando Labbe

Início

Fotografia de festas e eventos do fotógrafo carioca Lorando Labbe
