{"id":291,"date":"2019-06-19T11:35:09","date_gmt":"2019-06-19T14:35:09","guid":{"rendered":"http:\/\/teste.lorando.com.br\/fotodecasamento\/?page_id=291"},"modified":"2020-03-11T13:58:45","modified_gmt":"2020-03-11T16:58:45","slug":"planner-da-noiva-baixe-gratis","status":"publish","type":"page","link":"https:\/\/lorando.com.br\/fotodecasamento\/planner-da-noiva-baixe-gratis\/","title":{"rendered":"Planner da Noiva &#8211; Baixe Gr\u00e1tis"},"content":{"rendered":"<p>[vc_row full_width=&#8221;stretch_row_content_no_spaces&#8221; tlg_padding=&#8221;pt0 pb0&#8243; tlg_text_align=&#8221;text-center&#8221;][vc_column][vc_single_image image=&#8221;21&#8243; img_size=&#8221;160&#215;90&#8243; alignment=&#8221;center&#8221;][\/vc_column][\/vc_row][vc_row full_width=&#8221;stretch_row_content_no_spaces&#8221; tlg_padding=&#8221;pt0 pb0&#8243;][vc_column width=&#8221;2\/3&#8243;][vc_single_image image=&#8221;313&#8243; img_size=&#8221;300&#215;450&#8243;][\/vc_column][vc_column width=&#8221;1\/3&#8243;][vc_column_text][mailerlite_form form_id=1][\/vc_column_text][\/vc_column][\/vc_row]<\/p>\n","protected":false},"excerpt":{"rendered":"<p>[vc_row full_width=&#8221;stretch_row_content_no_spaces&#8221; tlg_padding=&#8221;pt0 pb0&#8243; tlg_text_align=&#8221;text-center&#8221;][vc_column][vc_single_image image=&#8221;21&#8243; img_size=&#8221;160&#215;90&#8243; alignment=&#8221;center&#8221;][\/vc_column][\/vc_row][vc_row full_width=&#8221;stretch_row_content_no_spaces&#8221; tlg_padding=&#8221;pt0 pb0&#8243;][vc_column width=&#8221;2\/3&#8243;][vc_single_image image=&#8221;313&#8243; img_size=&#8221;300&#215;450&#8243;][\/vc_column][vc_column width=&#8221;1\/3&#8243;][vc_column_text][mailerlite_form form_id=1][\/vc_column_text][\/vc_column][\/vc_row]<\/p>\n","protected":false},"author":1,"featured_media":0,"parent":0,"menu_order":0,"comment_status":"closed","ping_status":"closed","template":"","meta":{"_monsterinsights_skip_tracking":false,"_monsterinsights_sitenote_active":false,"_monsterinsights_sitenote_note":"","_monsterinsights_sitenote_category":0,"footnotes":""},"class_list":["post-291","page","type-page","status-publish"],"yoast_head":"<!-- This site is optimized with the Yoast SEO plugin v25.3 - https:\/\/yoast.com\/wordpress\/plugins\/seo\/ -->\n<title>Planner da Noiva - Baixe Gr\u00e1tis - Fot\u00f3grafo de Casamento RJ - Lorando Labbe<\/title>\n<meta name=\"robots\" content=\"index, follow, max-snippet:-1, max-image-preview:large, max-video-preview:-1\" \/>\n<link rel=\"canonical\" href=\"https:\/\/lorando.com.br\/fotodecasamento\/planner-da-noiva-baixe-gratis\/\" \/>\n<meta property=\"og:locale\" content=\"pt_BR\" \/>\n<meta property=\"og:type\" content=\"article\" \/>\n<meta property=\"og:title\" content=\"Planner da Noiva - Baixe Gr\u00e1tis - Fot\u00f3grafo de Casamento RJ - Lorando Labbe\" \/>\n<meta property=\"og:description\" content=\"[vc_row full_width=&#8221;stretch_row_content_no_spaces&#8221; tlg_padding=&#8221;pt0 pb0&#8243; tlg_text_align=&#8221;text-center&#8221;][vc_column][vc_single_image image=&#8221;21&#8243; img_size=&#8221;160&#215;90&#8243; alignment=&#8221;center&#8221;][\/vc_column][\/vc_row][vc_row full_width=&#8221;stretch_row_content_no_spaces&#8221; tlg_padding=&#8221;pt0 pb0&#8243;][vc_column width=&#8221;2\/3&#8243;][vc_single_image image=&#8221;313&#8243; img_size=&#8221;300&#215;450&#8243;][\/vc_column][vc_column width=&#8221;1\/3&#8243;][vc_column_text][mailerlite_form form_id=1][\/vc_column_text][\/vc_column][\/vc_row]\" \/>\n<meta property=\"og:url\" content=\"https:\/\/lorando.com.br\/fotodecasamento\/planner-da-noiva-baixe-gratis\/\" \/>\n<meta property=\"og:site_name\" content=\"Fot\u00f3grafo de Casamento RJ - Lorando Labbe\" \/>\n<meta property=\"article:publisher\" content=\"https:\/\/www.facebook.com\/LorandoLabbe\" \/>\n<meta property=\"article:modified_time\" content=\"2020-03-11T16:58:45+00:00\" \/>\n<meta property=\"og:image\" content=\"https:\/\/lorando.com.br\/fotodecasamento\/wp-content\/uploads\/sites\/2\/2019\/12\/lorando-fotografo-de-casamento-cover.jpg\" \/>\n\t<meta property=\"og:image:width\" content=\"1200\" \/>\n\t<meta property=\"og:image:height\" content=\"800\" \/>\n\t<meta property=\"og:image:type\" content=\"image\/jpeg\" \/>\n<meta name=\"twitter:card\" content=\"summary_large_image\" \/>\n<script type=\"application\/ld+json\" class=\"yoast-schema-graph\">{\"@context\":\"https:\/\/schema.org\",\"@graph\":[{\"@type\":\"WebPage\",\"@id\":\"https:\/\/lorando.com.br\/fotodecasamento\/planner-da-noiva-baixe-gratis\/\",\"url\":\"https:\/\/lorando.com.br\/fotodecasamento\/planner-da-noiva-baixe-gratis\/\",\"name\":\"Planner da Noiva - Baixe Gr\u00e1tis - Fot\u00f3grafo de Casamento RJ - Lorando Labbe\",\"isPartOf\":{\"@id\":\"https:\/\/lorando.com.br\/fotodecasamento\/#website\"},\"datePublished\":\"2019-06-19T14:35:09+00:00\",\"dateModified\":\"2020-03-11T16:58:45+00:00\",\"breadcrumb\":{\"@id\":\"https:\/\/lorando.com.br\/fotodecasamento\/planner-da-noiva-baixe-gratis\/#breadcrumb\"},\"inLanguage\":\"pt-BR\",\"potentialAction\":[{\"@type\":\"ReadAction\",\"target\":[\"https:\/\/lorando.com.br\/fotodecasamento\/planner-da-noiva-baixe-gratis\/\"]}]},{\"@type\":\"BreadcrumbList\",\"@id\":\"https:\/\/lorando.com.br\/fotodecasamento\/planner-da-noiva-baixe-gratis\/#breadcrumb\",\"itemListElement\":[{\"@type\":\"ListItem\",\"position\":1,\"name\":\"In\u00edcio\",\"item\":\"https:\/\/lorando.com.br\/fotodecasamento\/\"},{\"@type\":\"ListItem\",\"position\":2,\"name\":\"Planner da Noiva &#8211; Baixe Gr\u00e1tis\"}]},{\"@type\":\"WebSite\",\"@id\":\"https:\/\/lorando.com.br\/fotodecasamento\/#website\",\"url\":\"https:\/\/lorando.com.br\/fotodecasamento\/\",\"name\":\"Fot\u00f3grafo de Casamento RJ - Lorando Labbe\",\"description\":\"S\u00f3 mais um site Lorando Labbe - Fot\u00f3grafo RJ - Websites\",\"publisher\":{\"@id\":\"https:\/\/lorando.com.br\/fotodecasamento\/#organization\"},\"potentialAction\":[{\"@type\":\"SearchAction\",\"target\":{\"@type\":\"EntryPoint\",\"urlTemplate\":\"https:\/\/lorando.com.br\/fotodecasamento\/?s={search_term_string}\"},\"query-input\":{\"@type\":\"PropertyValueSpecification\",\"valueRequired\":true,\"valueName\":\"search_term_string\"}}],\"inLanguage\":\"pt-BR\"},{\"@type\":\"Organization\",\"@id\":\"https:\/\/lorando.com.br\/fotodecasamento\/#organization\",\"name\":\"Fot\u00f3grafo de Casamento RJ - Lorando Labbe\",\"url\":\"https:\/\/lorando.com.br\/fotodecasamento\/\",\"logo\":{\"@type\":\"ImageObject\",\"inLanguage\":\"pt-BR\",\"@id\":\"https:\/\/lorando.com.br\/fotodecasamento\/#\/schema\/logo\/image\/\",\"url\":\"https:\/\/lorando.com.br\/fotodecasamento\/wp-content\/uploads\/sites\/2\/2020\/08\/cropped-Logo-Site-Retangular-01.png\",\"contentUrl\":\"https:\/\/lorando.com.br\/fotodecasamento\/wp-content\/uploads\/sites\/2\/2020\/08\/cropped-Logo-Site-Retangular-01.png\",\"width\":1140,\"height\":423,\"caption\":\"Fot\u00f3grafo de Casamento RJ - Lorando Labbe\"},\"image\":{\"@id\":\"https:\/\/lorando.com.br\/fotodecasamento\/#\/schema\/logo\/image\/\"},\"sameAs\":[\"https:\/\/www.facebook.com\/LorandoLabbe\",\"https:\/\/www.instagram.com\/lorando.fotodecasamento\/\"]}]}<\/script>\n<!-- \/ Yoast SEO plugin. -->","yoast_head_json":{"title":"Planner da Noiva - Baixe Gr\u00e1tis - Fot\u00f3grafo de Casamento RJ - Lorando Labbe","robots":{"index":"index","follow":"follow","max-snippet":"max-snippet:-1","max-image-preview":"max-image-preview:large","max-video-preview":"max-video-preview:-1"},"canonical":"https:\/\/lorando.com.br\/fotodecasamento\/planner-da-noiva-baixe-gratis\/","og_locale":"pt_BR","og_type":"article","og_title":"Planner da Noiva - Baixe Gr\u00e1tis - Fot\u00f3grafo de Casamento RJ - Lorando Labbe","og_description":"[vc_row full_width=&#8221;stretch_row_content_no_spaces&#8221; tlg_padding=&#8221;pt0 pb0&#8243; tlg_text_align=&#8221;text-center&#8221;][vc_column][vc_single_image image=&#8221;21&#8243; img_size=&#8221;160&#215;90&#8243; alignment=&#8221;center&#8221;][\/vc_column][\/vc_row][vc_row full_width=&#8221;stretch_row_content_no_spaces&#8221; tlg_padding=&#8221;pt0 pb0&#8243;][vc_column width=&#8221;2\/3&#8243;][vc_single_image image=&#8221;313&#8243; img_size=&#8221;300&#215;450&#8243;][\/vc_column][vc_column width=&#8221;1\/3&#8243;][vc_column_text][mailerlite_form form_id=1][\/vc_column_text][\/vc_column][\/vc_row]","og_url":"https:\/\/lorando.com.br\/fotodecasamento\/planner-da-noiva-baixe-gratis\/","og_site_name":"Fot\u00f3grafo de Casamento RJ - Lorando Labbe","article_publisher":"https:\/\/www.facebook.com\/LorandoLabbe","article_modified_time":"2020-03-11T16:58:45+00:00","og_image":[{"width":1200,"height":800,"url":"https:\/\/lorando.com.br\/fotodecasamento\/wp-content\/uploads\/sites\/2\/2019\/12\/lorando-fotografo-de-casamento-cover.jpg","type":"image\/jpeg"}],"twitter_card":"summary_large_image","schema":{"@context":"https:\/\/schema.org","@graph":[{"@type":"WebPage","@id":"https:\/\/lorando.com.br\/fotodecasamento\/planner-da-noiva-baixe-gratis\/","url":"https:\/\/lorando.com.br\/fotodecasamento\/planner-da-noiva-baixe-gratis\/","name":"Planner da Noiva - Baixe Gr\u00e1tis - Fot\u00f3grafo de Casamento RJ - Lorando Labbe","isPartOf":{"@id":"https:\/\/lorando.com.br\/fotodecasamento\/#website"},"datePublished":"2019-06-19T14:35:09+00:00","dateModified":"2020-03-11T16:58:45+00:00","breadcrumb":{"@id":"https:\/\/lorando.com.br\/fotodecasamento\/planner-da-noiva-baixe-gratis\/#breadcrumb"},"inLanguage":"pt-BR","potentialAction":[{"@type":"ReadAction","target":["https:\/\/lorando.com.br\/fotodecasamento\/planner-da-noiva-baixe-gratis\/"]}]},{"@type":"BreadcrumbList","@id":"https:\/\/lorando.com.br\/fotodecasamento\/planner-da-noiva-baixe-gratis\/#breadcrumb","itemListElement":[{"@type":"ListItem","position":1,"name":"In\u00edcio","item":"https:\/\/lorando.com.br\/fotodecasamento\/"},{"@type":"ListItem","position":2,"name":"Planner da Noiva &#8211; Baixe Gr\u00e1tis"}]},{"@type":"WebSite","@id":"https:\/\/lorando.com.br\/fotodecasamento\/#website","url":"https:\/\/lorando.com.br\/fotodecasamento\/","name":"Fot\u00f3grafo de Casamento RJ - Lorando Labbe","description":"S\u00f3 mais um site Lorando Labbe - Fot\u00f3grafo RJ - Websites","publisher":{"@id":"https:\/\/lorando.com.br\/fotodecasamento\/#organization"},"potentialAction":[{"@type":"SearchAction","target":{"@type":"EntryPoint","urlTemplate":"https:\/\/lorando.com.br\/fotodecasamento\/?s={search_term_string}"},"query-input":{"@type":"PropertyValueSpecification","valueRequired":true,"valueName":"search_term_string"}}],"inLanguage":"pt-BR"},{"@type":"Organization","@id":"https:\/\/lorando.com.br\/fotodecasamento\/#organization","name":"Fot\u00f3grafo de Casamento RJ - Lorando Labbe","url":"https:\/\/lorando.com.br\/fotodecasamento\/","logo":{"@type":"ImageObject","inLanguage":"pt-BR","@id":"https:\/\/lorando.com.br\/fotodecasamento\/#\/schema\/logo\/image\/","url":"https:\/\/lorando.com.br\/fotodecasamento\/wp-content\/uploads\/sites\/2\/2020\/08\/cropped-Logo-Site-Retangular-01.png","contentUrl":"https:\/\/lorando.com.br\/fotodecasamento\/wp-content\/uploads\/sites\/2\/2020\/08\/cropped-Logo-Site-Retangular-01.png","width":1140,"height":423,"caption":"Fot\u00f3grafo de Casamento RJ - Lorando Labbe"},"image":{"@id":"https:\/\/lorando.com.br\/fotodecasamento\/#\/schema\/logo\/image\/"},"sameAs":["https:\/\/www.facebook.com\/LorandoLabbe","https:\/\/www.instagram.com\/lorando.fotodecasamento\/"]}]}},"_links":{"self":[{"href":"https:\/\/lorando.com.br\/fotodecasamento\/wp-json\/wp\/v2\/pages\/291","targetHints":{"allow":["GET"]}}],"collection":[{"href":"https:\/\/lorando.com.br\/fotodecasamento\/wp-json\/wp\/v2\/pages"}],"about":[{"href":"https:\/\/lorando.com.br\/fotodecasamento\/wp-json\/wp\/v2\/types\/page"}],"author":[{"embeddable":true,"href":"https:\/\/lorando.com.br\/fotodecasamento\/wp-json\/wp\/v2\/users\/1"}],"replies":[{"embeddable":true,"href":"https:\/\/lorando.com.br\/fotodecasamento\/wp-json\/wp\/v2\/comments?post=291"}],"version-history":[{"count":1,"href":"https:\/\/lorando.com.br\/fotodecasamento\/wp-json\/wp\/v2\/pages\/291\/revisions"}],"predecessor-version":[{"id":8805,"href":"https:\/\/lorando.com.br\/fotodecasamento\/wp-json\/wp\/v2\/pages\/291\/revisions\/8805"}],"wp:attachment":[{"href":"https:\/\/lorando.com.br\/fotodecasamento\/wp-json\/wp\/v2\/media?parent=291"}],"curies":[{"name":"wp","href":"https:\/\/api.w.org\/{rel}","templated":true}]}}