{"id":154,"date":"2020-01-10T10:32:07","date_gmt":"2020-01-10T13:32:07","guid":{"rendered":"http:\/\/lorando.com.br\/fotojornalismo\/?post_type=work&#038;p=154"},"modified":"2024-08-09T15:52:59","modified_gmt":"2024-08-09T18:52:59","slug":"na-midia","status":"publish","type":"work","link":"https:\/\/lorando.com.br\/fotojornalismo\/foto\/na-midia\/","title":{"rendered":"Na M\u00eddia"},"content":{"rendered":"<p>Minhas fotos publicadas nas m\u00eddias do Brasil e do mundo.<\/p>\n","protected":false},"excerpt":{"rendered":"<p>Minhas fotos publicadas nas m\u00eddias do Brasil e do mundo.<\/p>\n","protected":false},"featured_media":11,"comment_status":"open","ping_status":"closed","template":"","work_genre":[5,7,3,6,4,9,8],"class_list":{"0":"post-154","1":"work","2":"type-work","3":"status-publish","4":"has-post-thumbnail","6":"work_genre-cotidiano","7":"work_genre-economia","8":"work_genre-esportes","9":"work_genre-personalidades","10":"work_genre-politica","11":"work_genre-saude","12":"work_genre-shows"},"yoast_head":"<!-- This site is optimized with the Yoast SEO plugin v25.3 - https:\/\/yoast.com\/wordpress\/plugins\/seo\/ -->\n<title>Na M\u00eddia - Fotojornalismo - Lorando Labbe<\/title>\n<meta name=\"description\" content=\"Aqui voc\u00ea encontrar\u00e1 alguns de meus trabalhos publicados na m\u00eddia nacional e internacional.\" \/>\n<meta name=\"robots\" content=\"index, follow, max-snippet:-1, max-image-preview:large, max-video-preview:-1\" \/>\n<link rel=\"canonical\" href=\"https:\/\/lorando.com.br\/fotojornalismo\/foto\/na-midia\/\" \/>\n<meta property=\"og:locale\" content=\"pt_BR\" \/>\n<meta property=\"og:type\" content=\"article\" \/>\n<meta property=\"og:title\" content=\"Na M\u00eddia - Fotojornalismo - Lorando Labbe\" \/>\n<meta property=\"og:description\" content=\"Aqui voc\u00ea encontrar\u00e1 alguns de meus trabalhos publicados na m\u00eddia nacional e internacional.\" \/>\n<meta property=\"og:url\" content=\"https:\/\/lorando.com.br\/fotojornalismo\/foto\/na-midia\/\" \/>\n<meta property=\"og:site_name\" content=\"Fotojornalismo - Lorando Labbe\" \/>\n<meta property=\"article:modified_time\" content=\"2024-08-09T18:52:59+00:00\" \/>\n<meta property=\"og:image\" content=\"http:\/\/lorando.com.br\/fotojornalismo\/wp-content\/uploads\/sites\/4\/2019\/12\/lentes.jpg\" \/>\n\t<meta property=\"og:image:width\" content=\"1024\" \/>\n\t<meta property=\"og:image:height\" content=\"656\" \/>\n\t<meta property=\"og:image:type\" content=\"image\/jpeg\" \/>\n<meta name=\"twitter:card\" content=\"summary_large_image\" \/>\n<meta name=\"twitter:label1\" content=\"Est. tempo de leitura\" \/>\n\t<meta name=\"twitter:data1\" content=\"1 minuto\" \/>\n<script type=\"application\/ld+json\" class=\"yoast-schema-graph\">{\"@context\":\"https:\/\/schema.org\",\"@graph\":[{\"@type\":\"WebPage\",\"@id\":\"https:\/\/lorando.com.br\/fotojornalismo\/foto\/na-midia\/\",\"url\":\"https:\/\/lorando.com.br\/fotojornalismo\/foto\/na-midia\/\",\"name\":\"Na M\u00eddia - Fotojornalismo - Lorando Labbe\",\"isPartOf\":{\"@id\":\"http:\/\/lorando.com.br\/fotojornalismo\/#website\"},\"primaryImageOfPage\":{\"@id\":\"https:\/\/lorando.com.br\/fotojornalismo\/foto\/na-midia\/#primaryimage\"},\"image\":{\"@id\":\"https:\/\/lorando.com.br\/fotojornalismo\/foto\/na-midia\/#primaryimage\"},\"thumbnailUrl\":\"https:\/\/lorando.com.br\/fotojornalismo\/wp-content\/uploads\/sites\/4\/2019\/12\/lentes.jpg\",\"datePublished\":\"2020-01-10T13:32:07+00:00\",\"dateModified\":\"2024-08-09T18:52:59+00:00\",\"description\":\"Aqui voc\u00ea encontrar\u00e1 alguns de meus trabalhos publicados na m\u00eddia nacional e internacional.\",\"breadcrumb\":{\"@id\":\"https:\/\/lorando.com.br\/fotojornalismo\/foto\/na-midia\/#breadcrumb\"},\"inLanguage\":\"pt-BR\",\"potentialAction\":[{\"@type\":\"ReadAction\",\"target\":[\"https:\/\/lorando.com.br\/fotojornalismo\/foto\/na-midia\/\"]}]},{\"@type\":\"ImageObject\",\"inLanguage\":\"pt-BR\",\"@id\":\"https:\/\/lorando.com.br\/fotojornalismo\/foto\/na-midia\/#primaryimage\",\"url\":\"https:\/\/lorando.com.br\/fotojornalismo\/wp-content\/uploads\/sites\/4\/2019\/12\/lentes.jpg\",\"contentUrl\":\"https:\/\/lorando.com.br\/fotojornalismo\/wp-content\/uploads\/sites\/4\/2019\/12\/lentes.jpg\",\"width\":1024,\"height\":656},{\"@type\":\"BreadcrumbList\",\"@id\":\"https:\/\/lorando.com.br\/fotojornalismo\/foto\/na-midia\/#breadcrumb\",\"itemListElement\":[{\"@type\":\"ListItem\",\"position\":1,\"name\":\"In\u00edcio\",\"item\":\"http:\/\/lorando.com.br\/fotojornalismo\/\"},{\"@type\":\"ListItem\",\"position\":2,\"name\":\"Na M\u00eddia\"}]},{\"@type\":\"WebSite\",\"@id\":\"http:\/\/lorando.com.br\/fotojornalismo\/#website\",\"url\":\"http:\/\/lorando.com.br\/fotojornalismo\/\",\"name\":\"Fotojornalismo - Lorando Labbe\",\"description\":\"Website de trabalhos de fotojornalismo do fot\u00f3grafo carioca Lorando Labbe\",\"publisher\":{\"@id\":\"http:\/\/lorando.com.br\/fotojornalismo\/#organization\"},\"potentialAction\":[{\"@type\":\"SearchAction\",\"target\":{\"@type\":\"EntryPoint\",\"urlTemplate\":\"http:\/\/lorando.com.br\/fotojornalismo\/?s={search_term_string}\"},\"query-input\":{\"@type\":\"PropertyValueSpecification\",\"valueRequired\":true,\"valueName\":\"search_term_string\"}}],\"inLanguage\":\"pt-BR\"},{\"@type\":\"Organization\",\"@id\":\"http:\/\/lorando.com.br\/fotojornalismo\/#organization\",\"name\":\"Fotojornalismo - Lorando Labbe\",\"url\":\"http:\/\/lorando.com.br\/fotojornalismo\/\",\"logo\":{\"@type\":\"ImageObject\",\"inLanguage\":\"pt-BR\",\"@id\":\"http:\/\/lorando.com.br\/fotojornalismo\/#\/schema\/logo\/image\/\",\"url\":\"https:\/\/lorando.com.br\/fotojornalismo\/wp-content\/uploads\/sites\/4\/2020\/08\/cropped-Logo-Site-Retangular-01.png\",\"contentUrl\":\"https:\/\/lorando.com.br\/fotojornalismo\/wp-content\/uploads\/sites\/4\/2020\/08\/cropped-Logo-Site-Retangular-01.png\",\"width\":1140,\"height\":423,\"caption\":\"Fotojornalismo - Lorando Labbe\"},\"image\":{\"@id\":\"http:\/\/lorando.com.br\/fotojornalismo\/#\/schema\/logo\/image\/\"}}]}<\/script>\n<!-- \/ Yoast SEO plugin. -->","yoast_head_json":{"title":"Na M\u00eddia - Fotojornalismo - Lorando Labbe","description":"Aqui voc\u00ea encontrar\u00e1 alguns de meus trabalhos publicados na m\u00eddia nacional e internacional.","robots":{"index":"index","follow":"follow","max-snippet":"max-snippet:-1","max-image-preview":"max-image-preview:large","max-video-preview":"max-video-preview:-1"},"canonical":"https:\/\/lorando.com.br\/fotojornalismo\/foto\/na-midia\/","og_locale":"pt_BR","og_type":"article","og_title":"Na M\u00eddia - Fotojornalismo - Lorando Labbe","og_description":"Aqui voc\u00ea encontrar\u00e1 alguns de meus trabalhos publicados na m\u00eddia nacional e internacional.","og_url":"https:\/\/lorando.com.br\/fotojornalismo\/foto\/na-midia\/","og_site_name":"Fotojornalismo - Lorando Labbe","article_modified_time":"2024-08-09T18:52:59+00:00","og_image":[{"width":1024,"height":656,"url":"http:\/\/lorando.com.br\/fotojornalismo\/wp-content\/uploads\/sites\/4\/2019\/12\/lentes.jpg","type":"image\/jpeg"}],"twitter_card":"summary_large_image","twitter_misc":{"Est. tempo de leitura":"1 minuto"},"schema":{"@context":"https:\/\/schema.org","@graph":[{"@type":"WebPage","@id":"https:\/\/lorando.com.br\/fotojornalismo\/foto\/na-midia\/","url":"https:\/\/lorando.com.br\/fotojornalismo\/foto\/na-midia\/","name":"Na M\u00eddia - Fotojornalismo - Lorando Labbe","isPartOf":{"@id":"http:\/\/lorando.com.br\/fotojornalismo\/#website"},"primaryImageOfPage":{"@id":"https:\/\/lorando.com.br\/fotojornalismo\/foto\/na-midia\/#primaryimage"},"image":{"@id":"https:\/\/lorando.com.br\/fotojornalismo\/foto\/na-midia\/#primaryimage"},"thumbnailUrl":"https:\/\/lorando.com.br\/fotojornalismo\/wp-content\/uploads\/sites\/4\/2019\/12\/lentes.jpg","datePublished":"2020-01-10T13:32:07+00:00","dateModified":"2024-08-09T18:52:59+00:00","description":"Aqui voc\u00ea encontrar\u00e1 alguns de meus trabalhos publicados na m\u00eddia nacional e internacional.","breadcrumb":{"@id":"https:\/\/lorando.com.br\/fotojornalismo\/foto\/na-midia\/#breadcrumb"},"inLanguage":"pt-BR","potentialAction":[{"@type":"ReadAction","target":["https:\/\/lorando.com.br\/fotojornalismo\/foto\/na-midia\/"]}]},{"@type":"ImageObject","inLanguage":"pt-BR","@id":"https:\/\/lorando.com.br\/fotojornalismo\/foto\/na-midia\/#primaryimage","url":"https:\/\/lorando.com.br\/fotojornalismo\/wp-content\/uploads\/sites\/4\/2019\/12\/lentes.jpg","contentUrl":"https:\/\/lorando.com.br\/fotojornalismo\/wp-content\/uploads\/sites\/4\/2019\/12\/lentes.jpg","width":1024,"height":656},{"@type":"BreadcrumbList","@id":"https:\/\/lorando.com.br\/fotojornalismo\/foto\/na-midia\/#breadcrumb","itemListElement":[{"@type":"ListItem","position":1,"name":"In\u00edcio","item":"http:\/\/lorando.com.br\/fotojornalismo\/"},{"@type":"ListItem","position":2,"name":"Na M\u00eddia"}]},{"@type":"WebSite","@id":"http:\/\/lorando.com.br\/fotojornalismo\/#website","url":"http:\/\/lorando.com.br\/fotojornalismo\/","name":"Fotojornalismo - Lorando Labbe","description":"Website de trabalhos de fotojornalismo do fot\u00f3grafo carioca Lorando Labbe","publisher":{"@id":"http:\/\/lorando.com.br\/fotojornalismo\/#organization"},"potentialAction":[{"@type":"SearchAction","target":{"@type":"EntryPoint","urlTemplate":"http:\/\/lorando.com.br\/fotojornalismo\/?s={search_term_string}"},"query-input":{"@type":"PropertyValueSpecification","valueRequired":true,"valueName":"search_term_string"}}],"inLanguage":"pt-BR"},{"@type":"Organization","@id":"http:\/\/lorando.com.br\/fotojornalismo\/#organization","name":"Fotojornalismo - Lorando Labbe","url":"http:\/\/lorando.com.br\/fotojornalismo\/","logo":{"@type":"ImageObject","inLanguage":"pt-BR","@id":"http:\/\/lorando.com.br\/fotojornalismo\/#\/schema\/logo\/image\/","url":"https:\/\/lorando.com.br\/fotojornalismo\/wp-content\/uploads\/sites\/4\/2020\/08\/cropped-Logo-Site-Retangular-01.png","contentUrl":"https:\/\/lorando.com.br\/fotojornalismo\/wp-content\/uploads\/sites\/4\/2020\/08\/cropped-Logo-Site-Retangular-01.png","width":1140,"height":423,"caption":"Fotojornalismo - Lorando Labbe"},"image":{"@id":"http:\/\/lorando.com.br\/fotojornalismo\/#\/schema\/logo\/image\/"}}]}},"_links":{"self":[{"href":"https:\/\/lorando.com.br\/fotojornalismo\/wp-json\/wp\/v2\/work\/154","targetHints":{"allow":["GET"]}}],"collection":[{"href":"https:\/\/lorando.com.br\/fotojornalismo\/wp-json\/wp\/v2\/work"}],"about":[{"href":"https:\/\/lorando.com.br\/fotojornalismo\/wp-json\/wp\/v2\/types\/work"}],"replies":[{"embeddable":true,"href":"https:\/\/lorando.com.br\/fotojornalismo\/wp-json\/wp\/v2\/comments?post=154"}],"wp:featuredmedia":[{"embeddable":true,"href":"https:\/\/lorando.com.br\/fotojornalismo\/wp-json\/wp\/v2\/media\/11"}],"wp:attachment":[{"href":"https:\/\/lorando.com.br\/fotojornalismo\/wp-json\/wp\/v2\/media?parent=154"}],"wp:term":[{"taxonomy":"work_genre","embeddable":true,"href":"https:\/\/lorando.com.br\/fotojornalismo\/wp-json\/wp\/v2\/work_genre?post=154"}],"curies":[{"name":"wp","href":"https:\/\/api.w.org\/{rel}","templated":true}]}}

Na Mídia

<p>Minhas fotos publicadas nas mídias do Brasil e do mundo.</p>

<!-- This site is optimized with the Yoast SEO plugin v25.3 - https://yoast.com/wordpress/plugins/seo/ -->
<title>Na Mídia - Fotojornalismo - Lorando Labbe</title>
<meta name="description" content="Aqui você encontrará alguns de meus trabalhos publicados na mídia nacional e internacional." />
<meta name="robots" content="index, follow, max-snippet:-1, max-image-preview:large, max-video-preview:-1" />
<link rel="canonical" href="https://lorando.com.br/fotojornalismo/foto/na-midia/" />
<meta property="og:locale" content="pt_BR" />
<meta property="og:type" content="article" />
<meta property="og:title" content="Na Mídia - Fotojornalismo - Lorando Labbe" />
<meta property="og:description" content="Aqui você encontrará alguns de meus trabalhos publicados na mídia nacional e internacional." />
<meta property="og:url" content="https://lorando.com.br/fotojornalismo/foto/na-midia/" />
<meta property="og:site_name" content="Fotojornalismo - Lorando Labbe" />
<meta property="article:modified_time" content="2024-08-09T18:52:59+00:00" />
<meta property="og:image" content="http://lorando.com.br/fotojornalismo/wp-content/uploads/sites/4/2019/12/lentes.jpg" />
	<meta property="og:image:width" content="1024" />
	<meta property="og:image:height" content="656" />
	<meta property="og:image:type" content="image/jpeg" />
<meta name="twitter:card" content="summary_large_image" />
<meta name="twitter:label1" content="Est. tempo de leitura" />
	<meta name="twitter:data1" content="1 minuto" />
<script type="application/ld+json" class="yoast-schema-graph">{"@context":"https://schema.org","@graph":[{"@type":"WebPage","@id":"https://lorando.com.br/fotojornalismo/foto/na-midia/","url":"https://lorando.com.br/fotojornalismo/foto/na-midia/","name":"Na Mídia - Fotojornalismo - Lorando Labbe","isPartOf":{"@id":"http://lorando.com.br/fotojornalismo/#website"},"primaryImageOfPage":{"@id":"https://lorando.com.br/fotojornalismo/foto/na-midia/#primaryimage"},"image":{"@id":"https://lorando.com.br/fotojornalismo/foto/na-midia/#primaryimage"},"thumbnailUrl":"https://lorando.com.br/fotojornalismo/wp-content/uploads/sites/4/2019/12/lentes.jpg","datePublished":"2020-01-10T13:32:07+00:00","dateModified":"2024-08-09T18:52:59+00:00","description":"Aqui você encontrará alguns de meus trabalhos publicados na mídia nacional e internacional.","breadcrumb":{"@id":"https://lorando.com.br/fotojornalismo/foto/na-midia/#breadcrumb"},"inLanguage":"pt-BR","potentialAction":[{"@type":"ReadAction","target":["https://lorando.com.br/fotojornalismo/foto/na-midia/"]}]},{"@type":"ImageObject","inLanguage":"pt-BR","@id":"https://lorando.com.br/fotojornalismo/foto/na-midia/#primaryimage","url":"https://lorando.com.br/fotojornalismo/wp-content/uploads/sites/4/2019/12/lentes.jpg","contentUrl":"https://lorando.com.br/fotojornalismo/wp-content/uploads/sites/4/2019/12/lentes.jpg","width":1024,"height":656},{"@type":"BreadcrumbList","@id":"https://lorando.com.br/fotojornalismo/foto/na-midia/#breadcrumb","itemListElement":[{"@type":"ListItem","position":1,"name":"Início","item":"http://lorando.com.br/fotojornalismo/"},{"@type":"ListItem","position":2,"name":"Na Mídia"}]},{"@type":"WebSite","@id":"http://lorando.com.br/fotojornalismo/#website","url":"http://lorando.com.br/fotojornalismo/","name":"Fotojornalismo - Lorando Labbe","description":"Website de trabalhos de fotojornalismo do fotógrafo carioca Lorando Labbe","publisher":{"@id":"http://lorando.com.br/fotojornalismo/#organization"},"potentialAction":[{"@type":"SearchAction","target":{"@type":"EntryPoint","urlTemplate":"http://lorando.com.br/fotojornalismo/?s={search_term_string}"},"query-input":{"@type":"PropertyValueSpecification","valueRequired":true,"valueName":"search_term_string"}}],"inLanguage":"pt-BR"},{"@type":"Organization","@id":"http://lorando.com.br/fotojornalismo/#organization","name":"Fotojornalismo - Lorando Labbe","url":"http://lorando.com.br/fotojornalismo/","logo":{"@type":"ImageObject","inLanguage":"pt-BR","@id":"http://lorando.com.br/fotojornalismo/#/schema/logo/image/","url":"https://lorando.com.br/fotojornalismo/wp-content/uploads/sites/4/2020/08/cropped-Logo-Site-Retangular-01.png","contentUrl":"https://lorando.com.br/fotojornalismo/wp-content/uploads/sites/4/2020/08/cropped-Logo-Site-Retangular-01.png","width":1140,"height":423,"caption":"Fotojornalismo - Lorando Labbe"},"image":{"@id":"http://lorando.com.br/fotojornalismo/#/schema/logo/image/"}}]}</script>
<!-- / Yoast SEO plugin. -->

Na Mídia - Fotojornalismo - Lorando Labbe

Aqui você encontrará alguns de meus trabalhos publicados na mídia nacional e internacional.

Início

Website de trabalhos de fotojornalismo do fotógrafo carioca Lorando Labbe
