{"id":216,"date":"2020-03-07T01:05:07","date_gmt":"2020-03-07T04:05:07","guid":{"rendered":"http:\/\/lorando.com.br\/fotojornalismo\/?post_type=work&#038;p=216"},"modified":"2020-03-07T01:05:07","modified_gmt":"2020-03-07T04:05:07","slug":"entrevista-com-a-cantora-paula-toller","status":"publish","type":"work","link":"https:\/\/lorando.com.br\/fotojornalismo\/foto\/entrevista-com-a-cantora-paula-toller\/","title":{"rendered":"Entrevista com a Cantora Paula Toller"},"content":{"rendered":"<p>A cantora Paula Toller \u00e9 entrevistada pela jornalista Fabiane Pereira na Uni\u00e3o Brasileira de Compositores e fala da carreira e da participa\u00e7\u00e3o da mulher na m\u00fasica brasileira.<\/p>\n<p>Clique <a href=\"https:\/\/www.youtube.com\/watch?v=4xVC7kBLI3s\" target=\"_blank\" rel=\"noopener noreferrer\">aqui<\/a> e veja a entrevista completa.<\/p>\n","protected":false},"excerpt":{"rendered":"<p>A cantora Paula Toller \u00e9 entrevistada pela jornalista Fabiane Pereira na Uni\u00e3o Brasileira de Compositores e fala da carreira e da participa\u00e7\u00e3o da mulher na m\u00fasica brasileira.&hellip;<\/p>\n<p> <a class=\"more-link\" href=\"https:\/\/lorando.com.br\/fotojornalismo\/foto\/entrevista-com-a-cantora-paula-toller\/\">Leia mais<\/a><\/p>\n","protected":false},"featured_media":217,"comment_status":"open","ping_status":"closed","template":"","work_genre":[6],"class_list":{"0":"post-216","1":"work","2":"type-work","3":"status-publish","4":"has-post-thumbnail","6":"work_genre-personalidades"},"yoast_head":"<!-- This site is optimized with the Yoast SEO plugin v25.3 - https:\/\/yoast.com\/wordpress\/plugins\/seo\/ -->\n<title>Entrevista com a Cantora Paula Toller - Fotojornalismo - Lorando Labbe<\/title>\n<meta name=\"robots\" content=\"index, follow, max-snippet:-1, max-image-preview:large, max-video-preview:-1\" \/>\n<link rel=\"canonical\" href=\"http:\/\/lorando.com.br\/fotojornalismo\/foto\/entrevista-com-a-cantora-paula-toller\/\" \/>\n<meta property=\"og:locale\" content=\"pt_BR\" \/>\n<meta property=\"og:type\" content=\"article\" \/>\n<meta property=\"og:title\" content=\"Entrevista com a Cantora Paula Toller - Fotojornalismo - Lorando Labbe\" \/>\n<meta property=\"og:description\" content=\"A cantora Paula Toller \u00e9 entrevistada pela jornalista Fabiane Pereira na Uni\u00e3o Brasileira de Compositores e fala da carreira e da participa\u00e7\u00e3o da mulher na m\u00fasica brasileira.&hellip;  Leia mais\" \/>\n<meta property=\"og:url\" content=\"http:\/\/lorando.com.br\/fotojornalismo\/foto\/entrevista-com-a-cantora-paula-toller\/\" \/>\n<meta property=\"og:site_name\" content=\"Fotojornalismo - Lorando Labbe\" \/>\n<meta property=\"og:image\" content=\"http:\/\/lorando.com.br\/fotojornalismo\/wp-content\/uploads\/sites\/4\/2020\/03\/Entrevisa-Paula-Toller-22.jpg\" \/>\n\t<meta property=\"og:image:width\" content=\"1200\" \/>\n\t<meta property=\"og:image:height\" content=\"800\" \/>\n\t<meta property=\"og:image:type\" content=\"image\/jpeg\" \/>\n<meta name=\"twitter:card\" content=\"summary_large_image\" \/>\n<script type=\"application\/ld+json\" class=\"yoast-schema-graph\">{\"@context\":\"https:\/\/schema.org\",\"@graph\":[{\"@type\":\"WebPage\",\"@id\":\"http:\/\/lorando.com.br\/fotojornalismo\/foto\/entrevista-com-a-cantora-paula-toller\/\",\"url\":\"http:\/\/lorando.com.br\/fotojornalismo\/foto\/entrevista-com-a-cantora-paula-toller\/\",\"name\":\"Entrevista com a Cantora Paula Toller - Fotojornalismo - Lorando Labbe\",\"isPartOf\":{\"@id\":\"http:\/\/lorando.com.br\/fotojornalismo\/#website\"},\"primaryImageOfPage\":{\"@id\":\"http:\/\/lorando.com.br\/fotojornalismo\/foto\/entrevista-com-a-cantora-paula-toller\/#primaryimage\"},\"image\":{\"@id\":\"http:\/\/lorando.com.br\/fotojornalismo\/foto\/entrevista-com-a-cantora-paula-toller\/#primaryimage\"},\"thumbnailUrl\":\"https:\/\/lorando.com.br\/fotojornalismo\/wp-content\/uploads\/sites\/4\/2020\/03\/Entrevisa-Paula-Toller-22.jpg\",\"datePublished\":\"2020-03-07T04:05:07+00:00\",\"breadcrumb\":{\"@id\":\"http:\/\/lorando.com.br\/fotojornalismo\/foto\/entrevista-com-a-cantora-paula-toller\/#breadcrumb\"},\"inLanguage\":\"pt-BR\",\"potentialAction\":[{\"@type\":\"ReadAction\",\"target\":[\"http:\/\/lorando.com.br\/fotojornalismo\/foto\/entrevista-com-a-cantora-paula-toller\/\"]}]},{\"@type\":\"ImageObject\",\"inLanguage\":\"pt-BR\",\"@id\":\"http:\/\/lorando.com.br\/fotojornalismo\/foto\/entrevista-com-a-cantora-paula-toller\/#primaryimage\",\"url\":\"https:\/\/lorando.com.br\/fotojornalismo\/wp-content\/uploads\/sites\/4\/2020\/03\/Entrevisa-Paula-Toller-22.jpg\",\"contentUrl\":\"https:\/\/lorando.com.br\/fotojornalismo\/wp-content\/uploads\/sites\/4\/2020\/03\/Entrevisa-Paula-Toller-22.jpg\",\"width\":1200,\"height\":800,\"caption\":\"A cantora Paula Toller foi entrevistada na tarde desta segunda (02) no evento \\\"Por Elas Que Fazem a M\u00fasica\\\" em celebra\u00e7\u00e3o ao m\u00eas da mulher na Casa Uni\u00e3o Brasileira de Compositores (UBC). Antes da entrevista, a UBC apresentou a edi\u00e7\u00e3o 2020 do levantamento da participa\u00e7\u00e3o da mulher na m\u00fasica com o objetivo de promover o debate sobre o equil\u00edbrio de g\u00eanero na m\u00fasica. O evento vai at\u00e9 o dia 05 de mar\u00e7o na Casa UBC, no Centro do Rio e contar\u00e1 com a participa\u00e7\u00e3o das artistas Day, Paula Lima e MC Tha.\"},{\"@type\":\"BreadcrumbList\",\"@id\":\"http:\/\/lorando.com.br\/fotojornalismo\/foto\/entrevista-com-a-cantora-paula-toller\/#breadcrumb\",\"itemListElement\":[{\"@type\":\"ListItem\",\"position\":1,\"name\":\"In\u00edcio\",\"item\":\"http:\/\/lorando.com.br\/fotojornalismo\/\"},{\"@type\":\"ListItem\",\"position\":2,\"name\":\"Entrevista com a Cantora Paula Toller\"}]},{\"@type\":\"WebSite\",\"@id\":\"http:\/\/lorando.com.br\/fotojornalismo\/#website\",\"url\":\"http:\/\/lorando.com.br\/fotojornalismo\/\",\"name\":\"Fotojornalismo - Lorando Labbe\",\"description\":\"Website de trabalhos de fotojornalismo do fot\u00f3grafo carioca Lorando Labbe\",\"publisher\":{\"@id\":\"http:\/\/lorando.com.br\/fotojornalismo\/#organization\"},\"potentialAction\":[{\"@type\":\"SearchAction\",\"target\":{\"@type\":\"EntryPoint\",\"urlTemplate\":\"http:\/\/lorando.com.br\/fotojornalismo\/?s={search_term_string}\"},\"query-input\":{\"@type\":\"PropertyValueSpecification\",\"valueRequired\":true,\"valueName\":\"search_term_string\"}}],\"inLanguage\":\"pt-BR\"},{\"@type\":\"Organization\",\"@id\":\"http:\/\/lorando.com.br\/fotojornalismo\/#organization\",\"name\":\"Fotojornalismo - Lorando Labbe\",\"url\":\"http:\/\/lorando.com.br\/fotojornalismo\/\",\"logo\":{\"@type\":\"ImageObject\",\"inLanguage\":\"pt-BR\",\"@id\":\"http:\/\/lorando.com.br\/fotojornalismo\/#\/schema\/logo\/image\/\",\"url\":\"https:\/\/lorando.com.br\/fotojornalismo\/wp-content\/uploads\/sites\/4\/2020\/08\/cropped-Logo-Site-Retangular-01.png\",\"contentUrl\":\"https:\/\/lorando.com.br\/fotojornalismo\/wp-content\/uploads\/sites\/4\/2020\/08\/cropped-Logo-Site-Retangular-01.png\",\"width\":1140,\"height\":423,\"caption\":\"Fotojornalismo - Lorando Labbe\"},\"image\":{\"@id\":\"http:\/\/lorando.com.br\/fotojornalismo\/#\/schema\/logo\/image\/\"}}]}<\/script>\n<!-- \/ Yoast SEO plugin. -->","yoast_head_json":{"title":"Entrevista com a Cantora Paula Toller - Fotojornalismo - Lorando Labbe","robots":{"index":"index","follow":"follow","max-snippet":"max-snippet:-1","max-image-preview":"max-image-preview:large","max-video-preview":"max-video-preview:-1"},"canonical":"http:\/\/lorando.com.br\/fotojornalismo\/foto\/entrevista-com-a-cantora-paula-toller\/","og_locale":"pt_BR","og_type":"article","og_title":"Entrevista com a Cantora Paula Toller - Fotojornalismo - Lorando Labbe","og_description":"A cantora Paula Toller \u00e9 entrevistada pela jornalista Fabiane Pereira na Uni\u00e3o Brasileira de Compositores e fala da carreira e da participa\u00e7\u00e3o da mulher na m\u00fasica brasileira.&hellip;  Leia mais","og_url":"http:\/\/lorando.com.br\/fotojornalismo\/foto\/entrevista-com-a-cantora-paula-toller\/","og_site_name":"Fotojornalismo - Lorando Labbe","og_image":[{"width":1200,"height":800,"url":"http:\/\/lorando.com.br\/fotojornalismo\/wp-content\/uploads\/sites\/4\/2020\/03\/Entrevisa-Paula-Toller-22.jpg","type":"image\/jpeg"}],"twitter_card":"summary_large_image","schema":{"@context":"https:\/\/schema.org","@graph":[{"@type":"WebPage","@id":"http:\/\/lorando.com.br\/fotojornalismo\/foto\/entrevista-com-a-cantora-paula-toller\/","url":"http:\/\/lorando.com.br\/fotojornalismo\/foto\/entrevista-com-a-cantora-paula-toller\/","name":"Entrevista com a Cantora Paula Toller - Fotojornalismo - Lorando Labbe","isPartOf":{"@id":"http:\/\/lorando.com.br\/fotojornalismo\/#website"},"primaryImageOfPage":{"@id":"http:\/\/lorando.com.br\/fotojornalismo\/foto\/entrevista-com-a-cantora-paula-toller\/#primaryimage"},"image":{"@id":"http:\/\/lorando.com.br\/fotojornalismo\/foto\/entrevista-com-a-cantora-paula-toller\/#primaryimage"},"thumbnailUrl":"https:\/\/lorando.com.br\/fotojornalismo\/wp-content\/uploads\/sites\/4\/2020\/03\/Entrevisa-Paula-Toller-22.jpg","datePublished":"2020-03-07T04:05:07+00:00","breadcrumb":{"@id":"http:\/\/lorando.com.br\/fotojornalismo\/foto\/entrevista-com-a-cantora-paula-toller\/#breadcrumb"},"inLanguage":"pt-BR","potentialAction":[{"@type":"ReadAction","target":["http:\/\/lorando.com.br\/fotojornalismo\/foto\/entrevista-com-a-cantora-paula-toller\/"]}]},{"@type":"ImageObject","inLanguage":"pt-BR","@id":"http:\/\/lorando.com.br\/fotojornalismo\/foto\/entrevista-com-a-cantora-paula-toller\/#primaryimage","url":"https:\/\/lorando.com.br\/fotojornalismo\/wp-content\/uploads\/sites\/4\/2020\/03\/Entrevisa-Paula-Toller-22.jpg","contentUrl":"https:\/\/lorando.com.br\/fotojornalismo\/wp-content\/uploads\/sites\/4\/2020\/03\/Entrevisa-Paula-Toller-22.jpg","width":1200,"height":800,"caption":"A cantora Paula Toller foi entrevistada na tarde desta segunda (02) no evento \"Por Elas Que Fazem a M\u00fasica\" em celebra\u00e7\u00e3o ao m\u00eas da mulher na Casa Uni\u00e3o Brasileira de Compositores (UBC). Antes da entrevista, a UBC apresentou a edi\u00e7\u00e3o 2020 do levantamento da participa\u00e7\u00e3o da mulher na m\u00fasica com o objetivo de promover o debate sobre o equil\u00edbrio de g\u00eanero na m\u00fasica. O evento vai at\u00e9 o dia 05 de mar\u00e7o na Casa UBC, no Centro do Rio e contar\u00e1 com a participa\u00e7\u00e3o das artistas Day, Paula Lima e MC Tha."},{"@type":"BreadcrumbList","@id":"http:\/\/lorando.com.br\/fotojornalismo\/foto\/entrevista-com-a-cantora-paula-toller\/#breadcrumb","itemListElement":[{"@type":"ListItem","position":1,"name":"In\u00edcio","item":"http:\/\/lorando.com.br\/fotojornalismo\/"},{"@type":"ListItem","position":2,"name":"Entrevista com a Cantora Paula Toller"}]},{"@type":"WebSite","@id":"http:\/\/lorando.com.br\/fotojornalismo\/#website","url":"http:\/\/lorando.com.br\/fotojornalismo\/","name":"Fotojornalismo - Lorando Labbe","description":"Website de trabalhos de fotojornalismo do fot\u00f3grafo carioca Lorando Labbe","publisher":{"@id":"http:\/\/lorando.com.br\/fotojornalismo\/#organization"},"potentialAction":[{"@type":"SearchAction","target":{"@type":"EntryPoint","urlTemplate":"http:\/\/lorando.com.br\/fotojornalismo\/?s={search_term_string}"},"query-input":{"@type":"PropertyValueSpecification","valueRequired":true,"valueName":"search_term_string"}}],"inLanguage":"pt-BR"},{"@type":"Organization","@id":"http:\/\/lorando.com.br\/fotojornalismo\/#organization","name":"Fotojornalismo - Lorando Labbe","url":"http:\/\/lorando.com.br\/fotojornalismo\/","logo":{"@type":"ImageObject","inLanguage":"pt-BR","@id":"http:\/\/lorando.com.br\/fotojornalismo\/#\/schema\/logo\/image\/","url":"https:\/\/lorando.com.br\/fotojornalismo\/wp-content\/uploads\/sites\/4\/2020\/08\/cropped-Logo-Site-Retangular-01.png","contentUrl":"https:\/\/lorando.com.br\/fotojornalismo\/wp-content\/uploads\/sites\/4\/2020\/08\/cropped-Logo-Site-Retangular-01.png","width":1140,"height":423,"caption":"Fotojornalismo - Lorando Labbe"},"image":{"@id":"http:\/\/lorando.com.br\/fotojornalismo\/#\/schema\/logo\/image\/"}}]}},"_links":{"self":[{"href":"https:\/\/lorando.com.br\/fotojornalismo\/wp-json\/wp\/v2\/work\/216","targetHints":{"allow":["GET"]}}],"collection":[{"href":"https:\/\/lorando.com.br\/fotojornalismo\/wp-json\/wp\/v2\/work"}],"about":[{"href":"https:\/\/lorando.com.br\/fotojornalismo\/wp-json\/wp\/v2\/types\/work"}],"replies":[{"embeddable":true,"href":"https:\/\/lorando.com.br\/fotojornalismo\/wp-json\/wp\/v2\/comments?post=216"}],"wp:featuredmedia":[{"embeddable":true,"href":"https:\/\/lorando.com.br\/fotojornalismo\/wp-json\/wp\/v2\/media\/217"}],"wp:attachment":[{"href":"https:\/\/lorando.com.br\/fotojornalismo\/wp-json\/wp\/v2\/media?parent=216"}],"wp:term":[{"taxonomy":"work_genre","embeddable":true,"href":"https:\/\/lorando.com.br\/fotojornalismo\/wp-json\/wp\/v2\/work_genre?post=216"}],"curies":[{"name":"wp","href":"https:\/\/api.w.org\/{rel}","templated":true}]}}

<p>A cantora Paula Toller é entrevistada pela jornalista Fabiane Pereira na União Brasileira de Compositores e fala da carreira e da participação da mulher na música brasileira.</p>
<p>Clique <a href="https://www.youtube.com/watch?v=4xVC7kBLI3s" target="_blank" rel="noopener noreferrer">aqui</a> e veja a entrevista completa.</p>

<p>A cantora Paula Toller é entrevistada pela jornalista Fabiane Pereira na União Brasileira de Compositores e fala da carreira e da participação da mulher na música brasileira.&hellip;</p>
<p> <a class="more-link" href="https://lorando.com.br/fotojornalismo/foto/entrevista-com-a-cantora-paula-toller/">Leia mais</a></p>

<!-- This site is optimized with the Yoast SEO plugin v25.3 - https://yoast.com/wordpress/plugins/seo/ -->
<title>Entrevista com a Cantora Paula Toller - Fotojornalismo - Lorando Labbe</title>
<meta name="robots" content="index, follow, max-snippet:-1, max-image-preview:large, max-video-preview:-1" />
<link rel="canonical" href="http://lorando.com.br/fotojornalismo/foto/entrevista-com-a-cantora-paula-toller/" />
<meta property="og:locale" content="pt_BR" />
<meta property="og:type" content="article" />
<meta property="og:title" content="Entrevista com a Cantora Paula Toller - Fotojornalismo - Lorando Labbe" />
<meta property="og:description" content="A cantora Paula Toller é entrevistada pela jornalista Fabiane Pereira na União Brasileira de Compositores e fala da carreira e da participação da mulher na música brasileira.&hellip;  Leia mais" />
<meta property="og:url" content="http://lorando.com.br/fotojornalismo/foto/entrevista-com-a-cantora-paula-toller/" />
<meta property="og:site_name" content="Fotojornalismo - Lorando Labbe" />
<meta property="og:image" content="http://lorando.com.br/fotojornalismo/wp-content/uploads/sites/4/2020/03/Entrevisa-Paula-Toller-22.jpg" />
	<meta property="og:image:width" content="1200" />
	<meta property="og:image:height" content="800" />
	<meta property="og:image:type" content="image/jpeg" />
<meta name="twitter:card" content="summary_large_image" />
<script type="application/ld+json" class="yoast-schema-graph">{"@context":"https://schema.org","@graph":[{"@type":"WebPage","@id":"http://lorando.com.br/fotojornalismo/foto/entrevista-com-a-cantora-paula-toller/","url":"http://lorando.com.br/fotojornalismo/foto/entrevista-com-a-cantora-paula-toller/","name":"Entrevista com a Cantora Paula Toller - Fotojornalismo - Lorando Labbe","isPartOf":{"@id":"http://lorando.com.br/fotojornalismo/#website"},"primaryImageOfPage":{"@id":"http://lorando.com.br/fotojornalismo/foto/entrevista-com-a-cantora-paula-toller/#primaryimage"},"image":{"@id":"http://lorando.com.br/fotojornalismo/foto/entrevista-com-a-cantora-paula-toller/#primaryimage"},"thumbnailUrl":"https://lorando.com.br/fotojornalismo/wp-content/uploads/sites/4/2020/03/Entrevisa-Paula-Toller-22.jpg","datePublished":"2020-03-07T04:05:07+00:00","breadcrumb":{"@id":"http://lorando.com.br/fotojornalismo/foto/entrevista-com-a-cantora-paula-toller/#breadcrumb"},"inLanguage":"pt-BR","potentialAction":[{"@type":"ReadAction","target":["http://lorando.com.br/fotojornalismo/foto/entrevista-com-a-cantora-paula-toller/"]}]},{"@type":"ImageObject","inLanguage":"pt-BR","@id":"http://lorando.com.br/fotojornalismo/foto/entrevista-com-a-cantora-paula-toller/#primaryimage","url":"https://lorando.com.br/fotojornalismo/wp-content/uploads/sites/4/2020/03/Entrevisa-Paula-Toller-22.jpg","contentUrl":"https://lorando.com.br/fotojornalismo/wp-content/uploads/sites/4/2020/03/Entrevisa-Paula-Toller-22.jpg","width":1200,"height":800,"caption":"A cantora Paula Toller foi entrevistada na tarde desta segunda (02) no evento \"Por Elas Que Fazem a Música\" em celebração ao mês da mulher na Casa União Brasileira de Compositores (UBC). Antes da entrevista, a UBC apresentou a edição 2020 do levantamento da participação da mulher na música com o objetivo de promover o debate sobre o equilíbrio de gênero na música. O evento vai até o dia 05 de março na Casa UBC, no Centro do Rio e contará com a participação das artistas Day, Paula Lima e MC Tha."},{"@type":"BreadcrumbList","@id":"http://lorando.com.br/fotojornalismo/foto/entrevista-com-a-cantora-paula-toller/#breadcrumb","itemListElement":[{"@type":"ListItem","position":1,"name":"Início","item":"http://lorando.com.br/fotojornalismo/"},{"@type":"ListItem","position":2,"name":"Entrevista com a Cantora Paula Toller"}]},{"@type":"WebSite","@id":"http://lorando.com.br/fotojornalismo/#website","url":"http://lorando.com.br/fotojornalismo/","name":"Fotojornalismo - Lorando Labbe","description":"Website de trabalhos de fotojornalismo do fotógrafo carioca Lorando Labbe","publisher":{"@id":"http://lorando.com.br/fotojornalismo/#organization"},"potentialAction":[{"@type":"SearchAction","target":{"@type":"EntryPoint","urlTemplate":"http://lorando.com.br/fotojornalismo/?s={search_term_string}"},"query-input":{"@type":"PropertyValueSpecification","valueRequired":true,"valueName":"search_term_string"}}],"inLanguage":"pt-BR"},{"@type":"Organization","@id":"http://lorando.com.br/fotojornalismo/#organization","name":"Fotojornalismo - Lorando Labbe","url":"http://lorando.com.br/fotojornalismo/","logo":{"@type":"ImageObject","inLanguage":"pt-BR","@id":"http://lorando.com.br/fotojornalismo/#/schema/logo/image/","url":"https://lorando.com.br/fotojornalismo/wp-content/uploads/sites/4/2020/08/cropped-Logo-Site-Retangular-01.png","contentUrl":"https://lorando.com.br/fotojornalismo/wp-content/uploads/sites/4/2020/08/cropped-Logo-Site-Retangular-01.png","width":1140,"height":423,"caption":"Fotojornalismo - Lorando Labbe"},"image":{"@id":"http://lorando.com.br/fotojornalismo/#/schema/logo/image/"}}]}</script>
<!-- / Yoast SEO plugin. -->

A cantora Paula Toller é entrevistada pela jornalista Fabiane Pereira na União Brasileira de Compositores e fala da carreira e da participação da mulher na música brasileira.&hellip;  Leia mais

A cantora Paula Toller foi entrevistada na tarde desta segunda (02) no evento "Por Elas Que Fazem a Música" em celebração ao mês da mulher na Casa União Brasileira de Compositores (UBC). Antes da entrevista, a UBC apresentou a edição 2020 do levantamento da participação da mulher na música com o objetivo de promover o debate sobre o equilíbrio de gênero na música. O evento vai até o dia 05 de março na Casa UBC, no Centro do Rio e contará com a participação das artistas Day, Paula Lima e MC Tha.

Início

Website de trabalhos de fotojornalismo do fotógrafo carioca Lorando Labbe
