{"id":435,"date":"2023-12-23T21:09:40","date_gmt":"2023-12-24T00:09:40","guid":{"rendered":"https:\/\/lorando.com.br\/fotojornalismo\/?post_type=work&#038;p=435"},"modified":"2023-12-23T21:55:29","modified_gmt":"2023-12-24T00:55:29","slug":"carnaval-2023","status":"publish","type":"work","link":"https:\/\/lorando.com.br\/fotojornalismo\/foto\/carnaval-2023\/","title":{"rendered":"Carnaval 2023"},"content":{"rendered":"<p>Desfile das escolas de samba na Marqu\u00eas de Sapuca\u00ed.<\/p>\n","protected":false},"excerpt":{"rendered":"<p>Desfile das escolas de samba na Marqu\u00eas de Sapuca\u00ed.<\/p>\n","protected":false},"featured_media":439,"comment_status":"open","ping_status":"closed","template":"","work_genre":[14],"class_list":{"0":"post-435","1":"work","2":"type-work","3":"status-publish","4":"has-post-thumbnail","6":"work_genre-carnaval"},"yoast_head":"<!-- This site is optimized with the Yoast SEO plugin v25.3 - https:\/\/yoast.com\/wordpress\/plugins\/seo\/ -->\n<title>Carnaval 2023 - Fotojornalismo - Lorando Labbe<\/title>\n<meta name=\"description\" content=\"Desfile das escolas de samba do Rio de Janeiro realizado no Samb\u00f3dromo do Rio na Marqu\u00eas de Sapuca\u00ed.\" \/>\n<meta name=\"robots\" content=\"index, follow, max-snippet:-1, max-image-preview:large, max-video-preview:-1\" \/>\n<link rel=\"canonical\" href=\"https:\/\/lorando.com.br\/fotojornalismo\/foto\/carnaval-2023\/\" \/>\n<meta property=\"og:locale\" content=\"pt_BR\" \/>\n<meta property=\"og:type\" content=\"article\" \/>\n<meta property=\"og:title\" content=\"Carnaval 2023 - Fotojornalismo - Lorando Labbe\" \/>\n<meta property=\"og:description\" content=\"Desfile das escolas de samba do Rio de Janeiro realizado no Samb\u00f3dromo do Rio na Marqu\u00eas de Sapuca\u00ed.\" \/>\n<meta property=\"og:url\" content=\"https:\/\/lorando.com.br\/fotojornalismo\/foto\/carnaval-2023\/\" \/>\n<meta property=\"og:site_name\" content=\"Fotojornalismo - Lorando Labbe\" \/>\n<meta property=\"article:modified_time\" content=\"2023-12-24T00:55:29+00:00\" \/>\n<meta property=\"og:image\" content=\"http:\/\/lorando.com.br\/fotojornalismo\/wp-content\/uploads\/sites\/4\/2023\/12\/Lorando-Fotojornalismo-Carnaval-2023-Dia-18-309.jpg\" \/>\n\t<meta property=\"og:image:width\" content=\"1200\" \/>\n\t<meta property=\"og:image:height\" content=\"800\" \/>\n\t<meta property=\"og:image:type\" content=\"image\/jpeg\" \/>\n<meta name=\"twitter:card\" content=\"summary_large_image\" \/>\n<meta name=\"twitter:label1\" content=\"Est. tempo de leitura\" \/>\n\t<meta name=\"twitter:data1\" content=\"1 minuto\" \/>\n<script type=\"application\/ld+json\" class=\"yoast-schema-graph\">{\"@context\":\"https:\/\/schema.org\",\"@graph\":[{\"@type\":\"WebPage\",\"@id\":\"https:\/\/lorando.com.br\/fotojornalismo\/foto\/carnaval-2023\/\",\"url\":\"https:\/\/lorando.com.br\/fotojornalismo\/foto\/carnaval-2023\/\",\"name\":\"Carnaval 2023 - Fotojornalismo - Lorando Labbe\",\"isPartOf\":{\"@id\":\"http:\/\/lorando.com.br\/fotojornalismo\/#website\"},\"primaryImageOfPage\":{\"@id\":\"https:\/\/lorando.com.br\/fotojornalismo\/foto\/carnaval-2023\/#primaryimage\"},\"image\":{\"@id\":\"https:\/\/lorando.com.br\/fotojornalismo\/foto\/carnaval-2023\/#primaryimage\"},\"thumbnailUrl\":\"https:\/\/lorando.com.br\/fotojornalismo\/wp-content\/uploads\/sites\/4\/2023\/12\/Lorando-Fotojornalismo-Carnaval-2023-Dia-18-309.jpg\",\"datePublished\":\"2023-12-24T00:09:40+00:00\",\"dateModified\":\"2023-12-24T00:55:29+00:00\",\"description\":\"Desfile das escolas de samba do Rio de Janeiro realizado no Samb\u00f3dromo do Rio na Marqu\u00eas de Sapuca\u00ed.\",\"breadcrumb\":{\"@id\":\"https:\/\/lorando.com.br\/fotojornalismo\/foto\/carnaval-2023\/#breadcrumb\"},\"inLanguage\":\"pt-BR\",\"potentialAction\":[{\"@type\":\"ReadAction\",\"target\":[\"https:\/\/lorando.com.br\/fotojornalismo\/foto\/carnaval-2023\/\"]}]},{\"@type\":\"ImageObject\",\"inLanguage\":\"pt-BR\",\"@id\":\"https:\/\/lorando.com.br\/fotojornalismo\/foto\/carnaval-2023\/#primaryimage\",\"url\":\"https:\/\/lorando.com.br\/fotojornalismo\/wp-content\/uploads\/sites\/4\/2023\/12\/Lorando-Fotojornalismo-Carnaval-2023-Dia-18-309.jpg\",\"contentUrl\":\"https:\/\/lorando.com.br\/fotojornalismo\/wp-content\/uploads\/sites\/4\/2023\/12\/Lorando-Fotojornalismo-Carnaval-2023-Dia-18-309.jpg\",\"width\":1200,\"height\":800,\"caption\":\"Desfile das escolas de samba do Rio de Janeiro\"},{\"@type\":\"BreadcrumbList\",\"@id\":\"https:\/\/lorando.com.br\/fotojornalismo\/foto\/carnaval-2023\/#breadcrumb\",\"itemListElement\":[{\"@type\":\"ListItem\",\"position\":1,\"name\":\"In\u00edcio\",\"item\":\"http:\/\/lorando.com.br\/fotojornalismo\/\"},{\"@type\":\"ListItem\",\"position\":2,\"name\":\"Carnaval 2023\"}]},{\"@type\":\"WebSite\",\"@id\":\"http:\/\/lorando.com.br\/fotojornalismo\/#website\",\"url\":\"http:\/\/lorando.com.br\/fotojornalismo\/\",\"name\":\"Fotojornalismo - Lorando Labbe\",\"description\":\"Website de trabalhos de fotojornalismo do fot\u00f3grafo carioca Lorando Labbe\",\"publisher\":{\"@id\":\"http:\/\/lorando.com.br\/fotojornalismo\/#organization\"},\"potentialAction\":[{\"@type\":\"SearchAction\",\"target\":{\"@type\":\"EntryPoint\",\"urlTemplate\":\"http:\/\/lorando.com.br\/fotojornalismo\/?s={search_term_string}\"},\"query-input\":{\"@type\":\"PropertyValueSpecification\",\"valueRequired\":true,\"valueName\":\"search_term_string\"}}],\"inLanguage\":\"pt-BR\"},{\"@type\":\"Organization\",\"@id\":\"http:\/\/lorando.com.br\/fotojornalismo\/#organization\",\"name\":\"Fotojornalismo - Lorando Labbe\",\"url\":\"http:\/\/lorando.com.br\/fotojornalismo\/\",\"logo\":{\"@type\":\"ImageObject\",\"inLanguage\":\"pt-BR\",\"@id\":\"http:\/\/lorando.com.br\/fotojornalismo\/#\/schema\/logo\/image\/\",\"url\":\"https:\/\/lorando.com.br\/fotojornalismo\/wp-content\/uploads\/sites\/4\/2020\/08\/cropped-Logo-Site-Retangular-01.png\",\"contentUrl\":\"https:\/\/lorando.com.br\/fotojornalismo\/wp-content\/uploads\/sites\/4\/2020\/08\/cropped-Logo-Site-Retangular-01.png\",\"width\":1140,\"height\":423,\"caption\":\"Fotojornalismo - Lorando Labbe\"},\"image\":{\"@id\":\"http:\/\/lorando.com.br\/fotojornalismo\/#\/schema\/logo\/image\/\"}}]}<\/script>\n<!-- \/ Yoast SEO plugin. -->","yoast_head_json":{"title":"Carnaval 2023 - Fotojornalismo - Lorando Labbe","description":"Desfile das escolas de samba do Rio de Janeiro realizado no Samb\u00f3dromo do Rio na Marqu\u00eas de Sapuca\u00ed.","robots":{"index":"index","follow":"follow","max-snippet":"max-snippet:-1","max-image-preview":"max-image-preview:large","max-video-preview":"max-video-preview:-1"},"canonical":"https:\/\/lorando.com.br\/fotojornalismo\/foto\/carnaval-2023\/","og_locale":"pt_BR","og_type":"article","og_title":"Carnaval 2023 - Fotojornalismo - Lorando Labbe","og_description":"Desfile das escolas de samba do Rio de Janeiro realizado no Samb\u00f3dromo do Rio na Marqu\u00eas de Sapuca\u00ed.","og_url":"https:\/\/lorando.com.br\/fotojornalismo\/foto\/carnaval-2023\/","og_site_name":"Fotojornalismo - Lorando Labbe","article_modified_time":"2023-12-24T00:55:29+00:00","og_image":[{"width":1200,"height":800,"url":"http:\/\/lorando.com.br\/fotojornalismo\/wp-content\/uploads\/sites\/4\/2023\/12\/Lorando-Fotojornalismo-Carnaval-2023-Dia-18-309.jpg","type":"image\/jpeg"}],"twitter_card":"summary_large_image","twitter_misc":{"Est. tempo de leitura":"1 minuto"},"schema":{"@context":"https:\/\/schema.org","@graph":[{"@type":"WebPage","@id":"https:\/\/lorando.com.br\/fotojornalismo\/foto\/carnaval-2023\/","url":"https:\/\/lorando.com.br\/fotojornalismo\/foto\/carnaval-2023\/","name":"Carnaval 2023 - Fotojornalismo - Lorando Labbe","isPartOf":{"@id":"http:\/\/lorando.com.br\/fotojornalismo\/#website"},"primaryImageOfPage":{"@id":"https:\/\/lorando.com.br\/fotojornalismo\/foto\/carnaval-2023\/#primaryimage"},"image":{"@id":"https:\/\/lorando.com.br\/fotojornalismo\/foto\/carnaval-2023\/#primaryimage"},"thumbnailUrl":"https:\/\/lorando.com.br\/fotojornalismo\/wp-content\/uploads\/sites\/4\/2023\/12\/Lorando-Fotojornalismo-Carnaval-2023-Dia-18-309.jpg","datePublished":"2023-12-24T00:09:40+00:00","dateModified":"2023-12-24T00:55:29+00:00","description":"Desfile das escolas de samba do Rio de Janeiro realizado no Samb\u00f3dromo do Rio na Marqu\u00eas de Sapuca\u00ed.","breadcrumb":{"@id":"https:\/\/lorando.com.br\/fotojornalismo\/foto\/carnaval-2023\/#breadcrumb"},"inLanguage":"pt-BR","potentialAction":[{"@type":"ReadAction","target":["https:\/\/lorando.com.br\/fotojornalismo\/foto\/carnaval-2023\/"]}]},{"@type":"ImageObject","inLanguage":"pt-BR","@id":"https:\/\/lorando.com.br\/fotojornalismo\/foto\/carnaval-2023\/#primaryimage","url":"https:\/\/lorando.com.br\/fotojornalismo\/wp-content\/uploads\/sites\/4\/2023\/12\/Lorando-Fotojornalismo-Carnaval-2023-Dia-18-309.jpg","contentUrl":"https:\/\/lorando.com.br\/fotojornalismo\/wp-content\/uploads\/sites\/4\/2023\/12\/Lorando-Fotojornalismo-Carnaval-2023-Dia-18-309.jpg","width":1200,"height":800,"caption":"Desfile das escolas de samba do Rio de Janeiro"},{"@type":"BreadcrumbList","@id":"https:\/\/lorando.com.br\/fotojornalismo\/foto\/carnaval-2023\/#breadcrumb","itemListElement":[{"@type":"ListItem","position":1,"name":"In\u00edcio","item":"http:\/\/lorando.com.br\/fotojornalismo\/"},{"@type":"ListItem","position":2,"name":"Carnaval 2023"}]},{"@type":"WebSite","@id":"http:\/\/lorando.com.br\/fotojornalismo\/#website","url":"http:\/\/lorando.com.br\/fotojornalismo\/","name":"Fotojornalismo - Lorando Labbe","description":"Website de trabalhos de fotojornalismo do fot\u00f3grafo carioca Lorando Labbe","publisher":{"@id":"http:\/\/lorando.com.br\/fotojornalismo\/#organization"},"potentialAction":[{"@type":"SearchAction","target":{"@type":"EntryPoint","urlTemplate":"http:\/\/lorando.com.br\/fotojornalismo\/?s={search_term_string}"},"query-input":{"@type":"PropertyValueSpecification","valueRequired":true,"valueName":"search_term_string"}}],"inLanguage":"pt-BR"},{"@type":"Organization","@id":"http:\/\/lorando.com.br\/fotojornalismo\/#organization","name":"Fotojornalismo - Lorando Labbe","url":"http:\/\/lorando.com.br\/fotojornalismo\/","logo":{"@type":"ImageObject","inLanguage":"pt-BR","@id":"http:\/\/lorando.com.br\/fotojornalismo\/#\/schema\/logo\/image\/","url":"https:\/\/lorando.com.br\/fotojornalismo\/wp-content\/uploads\/sites\/4\/2020\/08\/cropped-Logo-Site-Retangular-01.png","contentUrl":"https:\/\/lorando.com.br\/fotojornalismo\/wp-content\/uploads\/sites\/4\/2020\/08\/cropped-Logo-Site-Retangular-01.png","width":1140,"height":423,"caption":"Fotojornalismo - Lorando Labbe"},"image":{"@id":"http:\/\/lorando.com.br\/fotojornalismo\/#\/schema\/logo\/image\/"}}]}},"_links":{"self":[{"href":"https:\/\/lorando.com.br\/fotojornalismo\/wp-json\/wp\/v2\/work\/435","targetHints":{"allow":["GET"]}}],"collection":[{"href":"https:\/\/lorando.com.br\/fotojornalismo\/wp-json\/wp\/v2\/work"}],"about":[{"href":"https:\/\/lorando.com.br\/fotojornalismo\/wp-json\/wp\/v2\/types\/work"}],"replies":[{"embeddable":true,"href":"https:\/\/lorando.com.br\/fotojornalismo\/wp-json\/wp\/v2\/comments?post=435"}],"wp:featuredmedia":[{"embeddable":true,"href":"https:\/\/lorando.com.br\/fotojornalismo\/wp-json\/wp\/v2\/media\/439"}],"wp:attachment":[{"href":"https:\/\/lorando.com.br\/fotojornalismo\/wp-json\/wp\/v2\/media?parent=435"}],"wp:term":[{"taxonomy":"work_genre","embeddable":true,"href":"https:\/\/lorando.com.br\/fotojornalismo\/wp-json\/wp\/v2\/work_genre?post=435"}],"curies":[{"name":"wp","href":"https:\/\/api.w.org\/{rel}","templated":true}]}}

<p>Desfile das escolas de samba na Marquês de Sapucaí.</p>

<!-- This site is optimized with the Yoast SEO plugin v25.3 - https://yoast.com/wordpress/plugins/seo/ -->
<title>Carnaval 2023 - Fotojornalismo - Lorando Labbe</title>
<meta name="description" content="Desfile das escolas de samba do Rio de Janeiro realizado no Sambódromo do Rio na Marquês de Sapucaí." />
<meta name="robots" content="index, follow, max-snippet:-1, max-image-preview:large, max-video-preview:-1" />
<link rel="canonical" href="https://lorando.com.br/fotojornalismo/foto/carnaval-2023/" />
<meta property="og:locale" content="pt_BR" />
<meta property="og:type" content="article" />
<meta property="og:title" content="Carnaval 2023 - Fotojornalismo - Lorando Labbe" />
<meta property="og:description" content="Desfile das escolas de samba do Rio de Janeiro realizado no Sambódromo do Rio na Marquês de Sapucaí." />
<meta property="og:url" content="https://lorando.com.br/fotojornalismo/foto/carnaval-2023/" />
<meta property="og:site_name" content="Fotojornalismo - Lorando Labbe" />
<meta property="article:modified_time" content="2023-12-24T00:55:29+00:00" />
<meta property="og:image" content="http://lorando.com.br/fotojornalismo/wp-content/uploads/sites/4/2023/12/Lorando-Fotojornalismo-Carnaval-2023-Dia-18-309.jpg" />
	<meta property="og:image:width" content="1200" />
	<meta property="og:image:height" content="800" />
	<meta property="og:image:type" content="image/jpeg" />
<meta name="twitter:card" content="summary_large_image" />
<meta name="twitter:label1" content="Est. tempo de leitura" />
	<meta name="twitter:data1" content="1 minuto" />
<script type="application/ld+json" class="yoast-schema-graph">{"@context":"https://schema.org","@graph":[{"@type":"WebPage","@id":"https://lorando.com.br/fotojornalismo/foto/carnaval-2023/","url":"https://lorando.com.br/fotojornalismo/foto/carnaval-2023/","name":"Carnaval 2023 - Fotojornalismo - Lorando Labbe","isPartOf":{"@id":"http://lorando.com.br/fotojornalismo/#website"},"primaryImageOfPage":{"@id":"https://lorando.com.br/fotojornalismo/foto/carnaval-2023/#primaryimage"},"image":{"@id":"https://lorando.com.br/fotojornalismo/foto/carnaval-2023/#primaryimage"},"thumbnailUrl":"https://lorando.com.br/fotojornalismo/wp-content/uploads/sites/4/2023/12/Lorando-Fotojornalismo-Carnaval-2023-Dia-18-309.jpg","datePublished":"2023-12-24T00:09:40+00:00","dateModified":"2023-12-24T00:55:29+00:00","description":"Desfile das escolas de samba do Rio de Janeiro realizado no Sambódromo do Rio na Marquês de Sapucaí.","breadcrumb":{"@id":"https://lorando.com.br/fotojornalismo/foto/carnaval-2023/#breadcrumb"},"inLanguage":"pt-BR","potentialAction":[{"@type":"ReadAction","target":["https://lorando.com.br/fotojornalismo/foto/carnaval-2023/"]}]},{"@type":"ImageObject","inLanguage":"pt-BR","@id":"https://lorando.com.br/fotojornalismo/foto/carnaval-2023/#primaryimage","url":"https://lorando.com.br/fotojornalismo/wp-content/uploads/sites/4/2023/12/Lorando-Fotojornalismo-Carnaval-2023-Dia-18-309.jpg","contentUrl":"https://lorando.com.br/fotojornalismo/wp-content/uploads/sites/4/2023/12/Lorando-Fotojornalismo-Carnaval-2023-Dia-18-309.jpg","width":1200,"height":800,"caption":"Desfile das escolas de samba do Rio de Janeiro"},{"@type":"BreadcrumbList","@id":"https://lorando.com.br/fotojornalismo/foto/carnaval-2023/#breadcrumb","itemListElement":[{"@type":"ListItem","position":1,"name":"Início","item":"http://lorando.com.br/fotojornalismo/"},{"@type":"ListItem","position":2,"name":"Carnaval 2023"}]},{"@type":"WebSite","@id":"http://lorando.com.br/fotojornalismo/#website","url":"http://lorando.com.br/fotojornalismo/","name":"Fotojornalismo - Lorando Labbe","description":"Website de trabalhos de fotojornalismo do fotógrafo carioca Lorando Labbe","publisher":{"@id":"http://lorando.com.br/fotojornalismo/#organization"},"potentialAction":[{"@type":"SearchAction","target":{"@type":"EntryPoint","urlTemplate":"http://lorando.com.br/fotojornalismo/?s={search_term_string}"},"query-input":{"@type":"PropertyValueSpecification","valueRequired":true,"valueName":"search_term_string"}}],"inLanguage":"pt-BR"},{"@type":"Organization","@id":"http://lorando.com.br/fotojornalismo/#organization","name":"Fotojornalismo - Lorando Labbe","url":"http://lorando.com.br/fotojornalismo/","logo":{"@type":"ImageObject","inLanguage":"pt-BR","@id":"http://lorando.com.br/fotojornalismo/#/schema/logo/image/","url":"https://lorando.com.br/fotojornalismo/wp-content/uploads/sites/4/2020/08/cropped-Logo-Site-Retangular-01.png","contentUrl":"https://lorando.com.br/fotojornalismo/wp-content/uploads/sites/4/2020/08/cropped-Logo-Site-Retangular-01.png","width":1140,"height":423,"caption":"Fotojornalismo - Lorando Labbe"},"image":{"@id":"http://lorando.com.br/fotojornalismo/#/schema/logo/image/"}}]}</script>
<!-- / Yoast SEO plugin. -->

Desfile das escolas de samba do Rio de Janeiro realizado no Sambódromo do Rio na Marquês de Sapucaí.

Início

Website de trabalhos de fotojornalismo do fotógrafo carioca Lorando Labbe
