{"id":522,"date":"2023-12-23T23:14:38","date_gmt":"2023-12-24T02:14:38","guid":{"rendered":"https:\/\/lorando.com.br\/fotojornalismo\/?post_type=work&#038;p=522"},"modified":"2023-12-23T23:22:33","modified_gmt":"2023-12-24T02:22:33","slug":"simone-to-voltando","status":"publish","type":"work","link":"https:\/\/lorando.com.br\/fotojornalismo\/foto\/simone-to-voltando\/","title":{"rendered":"Simone &#8211; T\u00f4 Voltando"},"content":{"rendered":"<p>Show T\u00f4 Voltando da cantora Simone realizado no Qualistage no Rio de Janeiro<\/p>\n","protected":false},"excerpt":{"rendered":"<p>Show T\u00f4 Voltando da cantora Simone realizado no Qualistage no Rio de Janeiro<\/p>\n","protected":false},"featured_media":534,"comment_status":"open","ping_status":"closed","template":"","work_genre":[8],"class_list":{"0":"post-522","1":"work","2":"type-work","3":"status-publish","4":"has-post-thumbnail","6":"work_genre-shows"},"yoast_head":"<!-- This site is optimized with the Yoast SEO plugin v25.3 - https:\/\/yoast.com\/wordpress\/plugins\/seo\/ -->\n<title>Simone - T\u00f4 Voltando - Fotojornalismo - Lorando Labbe<\/title>\n<meta name=\"description\" content=\"Show T\u00f4 Voltando da cantora Simone realizado no Qualistage no Rio de Janeiro.\" \/>\n<meta name=\"robots\" content=\"index, follow, max-snippet:-1, max-image-preview:large, max-video-preview:-1\" \/>\n<link rel=\"canonical\" href=\"https:\/\/lorando.com.br\/fotojornalismo\/foto\/simone-to-voltando\/\" \/>\n<meta property=\"og:locale\" content=\"pt_BR\" \/>\n<meta property=\"og:type\" content=\"article\" \/>\n<meta property=\"og:title\" content=\"Simone - T\u00f4 Voltando - Fotojornalismo - Lorando Labbe\" \/>\n<meta property=\"og:description\" content=\"Show T\u00f4 Voltando da cantora Simone realizado no Qualistage no Rio de Janeiro.\" \/>\n<meta property=\"og:url\" content=\"https:\/\/lorando.com.br\/fotojornalismo\/foto\/simone-to-voltando\/\" \/>\n<meta property=\"og:site_name\" content=\"Fotojornalismo - Lorando Labbe\" \/>\n<meta property=\"article:modified_time\" content=\"2023-12-24T02:22:33+00:00\" \/>\n<meta property=\"og:image\" content=\"http:\/\/lorando.com.br\/fotojornalismo\/wp-content\/uploads\/sites\/4\/2023\/12\/Lorando-Fotojornalismo-Show-Simone-174.jpg\" \/>\n\t<meta property=\"og:image:width\" content=\"1200\" \/>\n\t<meta property=\"og:image:height\" content=\"800\" \/>\n\t<meta property=\"og:image:type\" content=\"image\/jpeg\" \/>\n<meta name=\"twitter:card\" content=\"summary_large_image\" \/>\n<meta name=\"twitter:label1\" content=\"Est. tempo de leitura\" \/>\n\t<meta name=\"twitter:data1\" content=\"1 minuto\" \/>\n<script type=\"application\/ld+json\" class=\"yoast-schema-graph\">{\"@context\":\"https:\/\/schema.org\",\"@graph\":[{\"@type\":\"WebPage\",\"@id\":\"https:\/\/lorando.com.br\/fotojornalismo\/foto\/simone-to-voltando\/\",\"url\":\"https:\/\/lorando.com.br\/fotojornalismo\/foto\/simone-to-voltando\/\",\"name\":\"Simone - T\u00f4 Voltando - Fotojornalismo - Lorando Labbe\",\"isPartOf\":{\"@id\":\"http:\/\/lorando.com.br\/fotojornalismo\/#website\"},\"primaryImageOfPage\":{\"@id\":\"https:\/\/lorando.com.br\/fotojornalismo\/foto\/simone-to-voltando\/#primaryimage\"},\"image\":{\"@id\":\"https:\/\/lorando.com.br\/fotojornalismo\/foto\/simone-to-voltando\/#primaryimage\"},\"thumbnailUrl\":\"https:\/\/lorando.com.br\/fotojornalismo\/wp-content\/uploads\/sites\/4\/2023\/12\/Lorando-Fotojornalismo-Show-Simone-174.jpg\",\"datePublished\":\"2023-12-24T02:14:38+00:00\",\"dateModified\":\"2023-12-24T02:22:33+00:00\",\"description\":\"Show T\u00f4 Voltando da cantora Simone realizado no Qualistage no Rio de Janeiro.\",\"breadcrumb\":{\"@id\":\"https:\/\/lorando.com.br\/fotojornalismo\/foto\/simone-to-voltando\/#breadcrumb\"},\"inLanguage\":\"pt-BR\",\"potentialAction\":[{\"@type\":\"ReadAction\",\"target\":[\"https:\/\/lorando.com.br\/fotojornalismo\/foto\/simone-to-voltando\/\"]}]},{\"@type\":\"ImageObject\",\"inLanguage\":\"pt-BR\",\"@id\":\"https:\/\/lorando.com.br\/fotojornalismo\/foto\/simone-to-voltando\/#primaryimage\",\"url\":\"https:\/\/lorando.com.br\/fotojornalismo\/wp-content\/uploads\/sites\/4\/2023\/12\/Lorando-Fotojornalismo-Show-Simone-174.jpg\",\"contentUrl\":\"https:\/\/lorando.com.br\/fotojornalismo\/wp-content\/uploads\/sites\/4\/2023\/12\/Lorando-Fotojornalismo-Show-Simone-174.jpg\",\"width\":1200,\"height\":800,\"caption\":\"A cantora Simone apresentou, neste s\u00e1bado (25) no Rio de Janeiro o seu show T\u00f4 Voltando. O espet\u00e1culo celebra os 50 anos de carreira da artista.\"},{\"@type\":\"BreadcrumbList\",\"@id\":\"https:\/\/lorando.com.br\/fotojornalismo\/foto\/simone-to-voltando\/#breadcrumb\",\"itemListElement\":[{\"@type\":\"ListItem\",\"position\":1,\"name\":\"In\u00edcio\",\"item\":\"http:\/\/lorando.com.br\/fotojornalismo\/\"},{\"@type\":\"ListItem\",\"position\":2,\"name\":\"Simone &#8211; T\u00f4 Voltando\"}]},{\"@type\":\"WebSite\",\"@id\":\"http:\/\/lorando.com.br\/fotojornalismo\/#website\",\"url\":\"http:\/\/lorando.com.br\/fotojornalismo\/\",\"name\":\"Fotojornalismo - Lorando Labbe\",\"description\":\"Website de trabalhos de fotojornalismo do fot\u00f3grafo carioca Lorando Labbe\",\"publisher\":{\"@id\":\"http:\/\/lorando.com.br\/fotojornalismo\/#organization\"},\"potentialAction\":[{\"@type\":\"SearchAction\",\"target\":{\"@type\":\"EntryPoint\",\"urlTemplate\":\"http:\/\/lorando.com.br\/fotojornalismo\/?s={search_term_string}\"},\"query-input\":{\"@type\":\"PropertyValueSpecification\",\"valueRequired\":true,\"valueName\":\"search_term_string\"}}],\"inLanguage\":\"pt-BR\"},{\"@type\":\"Organization\",\"@id\":\"http:\/\/lorando.com.br\/fotojornalismo\/#organization\",\"name\":\"Fotojornalismo - Lorando Labbe\",\"url\":\"http:\/\/lorando.com.br\/fotojornalismo\/\",\"logo\":{\"@type\":\"ImageObject\",\"inLanguage\":\"pt-BR\",\"@id\":\"http:\/\/lorando.com.br\/fotojornalismo\/#\/schema\/logo\/image\/\",\"url\":\"https:\/\/lorando.com.br\/fotojornalismo\/wp-content\/uploads\/sites\/4\/2020\/08\/cropped-Logo-Site-Retangular-01.png\",\"contentUrl\":\"https:\/\/lorando.com.br\/fotojornalismo\/wp-content\/uploads\/sites\/4\/2020\/08\/cropped-Logo-Site-Retangular-01.png\",\"width\":1140,\"height\":423,\"caption\":\"Fotojornalismo - Lorando Labbe\"},\"image\":{\"@id\":\"http:\/\/lorando.com.br\/fotojornalismo\/#\/schema\/logo\/image\/\"}}]}<\/script>\n<!-- \/ Yoast SEO plugin. -->","yoast_head_json":{"title":"Simone - T\u00f4 Voltando - Fotojornalismo - Lorando Labbe","description":"Show T\u00f4 Voltando da cantora Simone realizado no Qualistage no Rio de Janeiro.","robots":{"index":"index","follow":"follow","max-snippet":"max-snippet:-1","max-image-preview":"max-image-preview:large","max-video-preview":"max-video-preview:-1"},"canonical":"https:\/\/lorando.com.br\/fotojornalismo\/foto\/simone-to-voltando\/","og_locale":"pt_BR","og_type":"article","og_title":"Simone - T\u00f4 Voltando - Fotojornalismo - Lorando Labbe","og_description":"Show T\u00f4 Voltando da cantora Simone realizado no Qualistage no Rio de Janeiro.","og_url":"https:\/\/lorando.com.br\/fotojornalismo\/foto\/simone-to-voltando\/","og_site_name":"Fotojornalismo - Lorando Labbe","article_modified_time":"2023-12-24T02:22:33+00:00","og_image":[{"width":1200,"height":800,"url":"http:\/\/lorando.com.br\/fotojornalismo\/wp-content\/uploads\/sites\/4\/2023\/12\/Lorando-Fotojornalismo-Show-Simone-174.jpg","type":"image\/jpeg"}],"twitter_card":"summary_large_image","twitter_misc":{"Est. tempo de leitura":"1 minuto"},"schema":{"@context":"https:\/\/schema.org","@graph":[{"@type":"WebPage","@id":"https:\/\/lorando.com.br\/fotojornalismo\/foto\/simone-to-voltando\/","url":"https:\/\/lorando.com.br\/fotojornalismo\/foto\/simone-to-voltando\/","name":"Simone - T\u00f4 Voltando - Fotojornalismo - Lorando Labbe","isPartOf":{"@id":"http:\/\/lorando.com.br\/fotojornalismo\/#website"},"primaryImageOfPage":{"@id":"https:\/\/lorando.com.br\/fotojornalismo\/foto\/simone-to-voltando\/#primaryimage"},"image":{"@id":"https:\/\/lorando.com.br\/fotojornalismo\/foto\/simone-to-voltando\/#primaryimage"},"thumbnailUrl":"https:\/\/lorando.com.br\/fotojornalismo\/wp-content\/uploads\/sites\/4\/2023\/12\/Lorando-Fotojornalismo-Show-Simone-174.jpg","datePublished":"2023-12-24T02:14:38+00:00","dateModified":"2023-12-24T02:22:33+00:00","description":"Show T\u00f4 Voltando da cantora Simone realizado no Qualistage no Rio de Janeiro.","breadcrumb":{"@id":"https:\/\/lorando.com.br\/fotojornalismo\/foto\/simone-to-voltando\/#breadcrumb"},"inLanguage":"pt-BR","potentialAction":[{"@type":"ReadAction","target":["https:\/\/lorando.com.br\/fotojornalismo\/foto\/simone-to-voltando\/"]}]},{"@type":"ImageObject","inLanguage":"pt-BR","@id":"https:\/\/lorando.com.br\/fotojornalismo\/foto\/simone-to-voltando\/#primaryimage","url":"https:\/\/lorando.com.br\/fotojornalismo\/wp-content\/uploads\/sites\/4\/2023\/12\/Lorando-Fotojornalismo-Show-Simone-174.jpg","contentUrl":"https:\/\/lorando.com.br\/fotojornalismo\/wp-content\/uploads\/sites\/4\/2023\/12\/Lorando-Fotojornalismo-Show-Simone-174.jpg","width":1200,"height":800,"caption":"A cantora Simone apresentou, neste s\u00e1bado (25) no Rio de Janeiro o seu show T\u00f4 Voltando. O espet\u00e1culo celebra os 50 anos de carreira da artista."},{"@type":"BreadcrumbList","@id":"https:\/\/lorando.com.br\/fotojornalismo\/foto\/simone-to-voltando\/#breadcrumb","itemListElement":[{"@type":"ListItem","position":1,"name":"In\u00edcio","item":"http:\/\/lorando.com.br\/fotojornalismo\/"},{"@type":"ListItem","position":2,"name":"Simone &#8211; T\u00f4 Voltando"}]},{"@type":"WebSite","@id":"http:\/\/lorando.com.br\/fotojornalismo\/#website","url":"http:\/\/lorando.com.br\/fotojornalismo\/","name":"Fotojornalismo - Lorando Labbe","description":"Website de trabalhos de fotojornalismo do fot\u00f3grafo carioca Lorando Labbe","publisher":{"@id":"http:\/\/lorando.com.br\/fotojornalismo\/#organization"},"potentialAction":[{"@type":"SearchAction","target":{"@type":"EntryPoint","urlTemplate":"http:\/\/lorando.com.br\/fotojornalismo\/?s={search_term_string}"},"query-input":{"@type":"PropertyValueSpecification","valueRequired":true,"valueName":"search_term_string"}}],"inLanguage":"pt-BR"},{"@type":"Organization","@id":"http:\/\/lorando.com.br\/fotojornalismo\/#organization","name":"Fotojornalismo - Lorando Labbe","url":"http:\/\/lorando.com.br\/fotojornalismo\/","logo":{"@type":"ImageObject","inLanguage":"pt-BR","@id":"http:\/\/lorando.com.br\/fotojornalismo\/#\/schema\/logo\/image\/","url":"https:\/\/lorando.com.br\/fotojornalismo\/wp-content\/uploads\/sites\/4\/2020\/08\/cropped-Logo-Site-Retangular-01.png","contentUrl":"https:\/\/lorando.com.br\/fotojornalismo\/wp-content\/uploads\/sites\/4\/2020\/08\/cropped-Logo-Site-Retangular-01.png","width":1140,"height":423,"caption":"Fotojornalismo - Lorando Labbe"},"image":{"@id":"http:\/\/lorando.com.br\/fotojornalismo\/#\/schema\/logo\/image\/"}}]}},"_links":{"self":[{"href":"https:\/\/lorando.com.br\/fotojornalismo\/wp-json\/wp\/v2\/work\/522","targetHints":{"allow":["GET"]}}],"collection":[{"href":"https:\/\/lorando.com.br\/fotojornalismo\/wp-json\/wp\/v2\/work"}],"about":[{"href":"https:\/\/lorando.com.br\/fotojornalismo\/wp-json\/wp\/v2\/types\/work"}],"replies":[{"embeddable":true,"href":"https:\/\/lorando.com.br\/fotojornalismo\/wp-json\/wp\/v2\/comments?post=522"}],"wp:featuredmedia":[{"embeddable":true,"href":"https:\/\/lorando.com.br\/fotojornalismo\/wp-json\/wp\/v2\/media\/534"}],"wp:attachment":[{"href":"https:\/\/lorando.com.br\/fotojornalismo\/wp-json\/wp\/v2\/media?parent=522"}],"wp:term":[{"taxonomy":"work_genre","embeddable":true,"href":"https:\/\/lorando.com.br\/fotojornalismo\/wp-json\/wp\/v2\/work_genre?post=522"}],"curies":[{"name":"wp","href":"https:\/\/api.w.org\/{rel}","templated":true}]}}

Simone &#8211; Tô Voltando

<p>Show Tô Voltando da cantora Simone realizado no Qualistage no Rio de Janeiro</p>

<!-- This site is optimized with the Yoast SEO plugin v25.3 - https://yoast.com/wordpress/plugins/seo/ -->
<title>Simone - Tô Voltando - Fotojornalismo - Lorando Labbe</title>
<meta name="description" content="Show Tô Voltando da cantora Simone realizado no Qualistage no Rio de Janeiro." />
<meta name="robots" content="index, follow, max-snippet:-1, max-image-preview:large, max-video-preview:-1" />
<link rel="canonical" href="https://lorando.com.br/fotojornalismo/foto/simone-to-voltando/" />
<meta property="og:locale" content="pt_BR" />
<meta property="og:type" content="article" />
<meta property="og:title" content="Simone - Tô Voltando - Fotojornalismo - Lorando Labbe" />
<meta property="og:description" content="Show Tô Voltando da cantora Simone realizado no Qualistage no Rio de Janeiro." />
<meta property="og:url" content="https://lorando.com.br/fotojornalismo/foto/simone-to-voltando/" />
<meta property="og:site_name" content="Fotojornalismo - Lorando Labbe" />
<meta property="article:modified_time" content="2023-12-24T02:22:33+00:00" />
<meta property="og:image" content="http://lorando.com.br/fotojornalismo/wp-content/uploads/sites/4/2023/12/Lorando-Fotojornalismo-Show-Simone-174.jpg" />
	<meta property="og:image:width" content="1200" />
	<meta property="og:image:height" content="800" />
	<meta property="og:image:type" content="image/jpeg" />
<meta name="twitter:card" content="summary_large_image" />
<meta name="twitter:label1" content="Est. tempo de leitura" />
	<meta name="twitter:data1" content="1 minuto" />
<script type="application/ld+json" class="yoast-schema-graph">{"@context":"https://schema.org","@graph":[{"@type":"WebPage","@id":"https://lorando.com.br/fotojornalismo/foto/simone-to-voltando/","url":"https://lorando.com.br/fotojornalismo/foto/simone-to-voltando/","name":"Simone - Tô Voltando - Fotojornalismo - Lorando Labbe","isPartOf":{"@id":"http://lorando.com.br/fotojornalismo/#website"},"primaryImageOfPage":{"@id":"https://lorando.com.br/fotojornalismo/foto/simone-to-voltando/#primaryimage"},"image":{"@id":"https://lorando.com.br/fotojornalismo/foto/simone-to-voltando/#primaryimage"},"thumbnailUrl":"https://lorando.com.br/fotojornalismo/wp-content/uploads/sites/4/2023/12/Lorando-Fotojornalismo-Show-Simone-174.jpg","datePublished":"2023-12-24T02:14:38+00:00","dateModified":"2023-12-24T02:22:33+00:00","description":"Show Tô Voltando da cantora Simone realizado no Qualistage no Rio de Janeiro.","breadcrumb":{"@id":"https://lorando.com.br/fotojornalismo/foto/simone-to-voltando/#breadcrumb"},"inLanguage":"pt-BR","potentialAction":[{"@type":"ReadAction","target":["https://lorando.com.br/fotojornalismo/foto/simone-to-voltando/"]}]},{"@type":"ImageObject","inLanguage":"pt-BR","@id":"https://lorando.com.br/fotojornalismo/foto/simone-to-voltando/#primaryimage","url":"https://lorando.com.br/fotojornalismo/wp-content/uploads/sites/4/2023/12/Lorando-Fotojornalismo-Show-Simone-174.jpg","contentUrl":"https://lorando.com.br/fotojornalismo/wp-content/uploads/sites/4/2023/12/Lorando-Fotojornalismo-Show-Simone-174.jpg","width":1200,"height":800,"caption":"A cantora Simone apresentou, neste sábado (25) no Rio de Janeiro o seu show Tô Voltando. O espetáculo celebra os 50 anos de carreira da artista."},{"@type":"BreadcrumbList","@id":"https://lorando.com.br/fotojornalismo/foto/simone-to-voltando/#breadcrumb","itemListElement":[{"@type":"ListItem","position":1,"name":"Início","item":"http://lorando.com.br/fotojornalismo/"},{"@type":"ListItem","position":2,"name":"Simone &#8211; Tô Voltando"}]},{"@type":"WebSite","@id":"http://lorando.com.br/fotojornalismo/#website","url":"http://lorando.com.br/fotojornalismo/","name":"Fotojornalismo - Lorando Labbe","description":"Website de trabalhos de fotojornalismo do fotógrafo carioca Lorando Labbe","publisher":{"@id":"http://lorando.com.br/fotojornalismo/#organization"},"potentialAction":[{"@type":"SearchAction","target":{"@type":"EntryPoint","urlTemplate":"http://lorando.com.br/fotojornalismo/?s={search_term_string}"},"query-input":{"@type":"PropertyValueSpecification","valueRequired":true,"valueName":"search_term_string"}}],"inLanguage":"pt-BR"},{"@type":"Organization","@id":"http://lorando.com.br/fotojornalismo/#organization","name":"Fotojornalismo - Lorando Labbe","url":"http://lorando.com.br/fotojornalismo/","logo":{"@type":"ImageObject","inLanguage":"pt-BR","@id":"http://lorando.com.br/fotojornalismo/#/schema/logo/image/","url":"https://lorando.com.br/fotojornalismo/wp-content/uploads/sites/4/2020/08/cropped-Logo-Site-Retangular-01.png","contentUrl":"https://lorando.com.br/fotojornalismo/wp-content/uploads/sites/4/2020/08/cropped-Logo-Site-Retangular-01.png","width":1140,"height":423,"caption":"Fotojornalismo - Lorando Labbe"},"image":{"@id":"http://lorando.com.br/fotojornalismo/#/schema/logo/image/"}}]}</script>
<!-- / Yoast SEO plugin. -->

Simone - Tô Voltando - Fotojornalismo - Lorando Labbe

Show Tô Voltando da cantora Simone realizado no Qualistage no Rio de Janeiro.

A cantora Simone apresentou, neste sábado (25) no Rio de Janeiro o seu show Tô Voltando. O espetáculo celebra os 50 anos de carreira da artista.

Início

Website de trabalhos de fotojornalismo do fotógrafo carioca Lorando Labbe
